{"id":660,"date":"2024-01-29T21:44:47","date_gmt":"2024-01-29T21:44:47","guid":{"rendered":"https:\/\/repaircafebudapest.hu\/?post_type=szakemberek&#038;p=660"},"modified":"2024-01-29T21:44:47","modified_gmt":"2024-01-29T21:44:47","slug":"orlai-janos","status":"publish","type":"szakemberek","link":"https:\/\/repaircafebudapest.hu\/en\/szakemberek\/orlai-janos\/","title":{"rendered":"Orlai J\u00e1nos"},"content":{"rendered":"<p>Orlai J\u00e1nos vagyok. Nyugd\u00edjas villamosm\u00e9rn\u00f6k. T\u00f6bb t\u00edz \u00e9ve \u00e9l\u00fcnk csal\u00e1dommal a VIII. ker\u00fcletben.<\/p>\n<p>Sok ter\u00fcleten dolgoztam a szakm\u00e1mban \u00e9s azon k\u00edv\u00fcl is. Sokat foglalkoztam elektronik\u00e1val, fejleszt\u00e9ssel, jav\u00edt\u00e1ssal, m\u0171szer \u00e9p\u00edt\u00e9ssel \u00e9s m\u00e9r\u00e9stechnik\u00e1val. Nem esett t\u0151lem t\u00e1vol a m\u0171hely munka: f\u00e1val, f\u00e9mmel \u00e9s m\u0171anyagokkal dolgoztam. K\u00fcl\u00f6n ter\u00fcletk\u00e9nt ismertem meg a ragaszt\u00e1s technik\u00e1t.<\/p>\n<p>Sokr\u00e9t\u0171 szersz\u00e1m ismerettel rendelkezem. \u00c9rdekl\u0151d\u00e9ssel \u00e1stam bele magam m\u00e1s szakm\u00e1k vil\u00e1g\u00e1ba.<\/p>\n<p>Sz\u00edvesen adom \u00e1t tapasztalataimat most a Repair Cafe keretei k\u00f6z\u00f6tt.<\/p>","protected":false},"featured_media":662,"template":"","categories":[65,12],"tags":[],"class_list":["post-660","szakemberek","type-szakemberek","status-publish","has-post-thumbnail","hentry","category-elektromos-keszulekek","category-famunkak"],"acf":[],"yoast_head":"<!-- This site is optimized with the Yoast SEO Premium plugin v27.4 (Yoast SEO v27.4) - https:\/\/yoast.com\/product\/yoast-seo-premium-wordpress\/ -->\n<title>Orlai J\u00e1nos - Repair Cafe Budapest<\/title>\n<meta name=\"robots\" content=\"index, follow, max-snippet:-1, max-image-preview:large, max-video-preview:-1\" \/>\n<link rel=\"canonical\" href=\"https:\/\/repaircafebudapest.hu\/en\/szakemberek\/orlai-janos\/\" \/>\n<meta property=\"og:locale\" content=\"en_GB\" \/>\n<meta property=\"og:type\" content=\"article\" \/>\n<meta property=\"og:title\" content=\"Orlai J\u00e1nos\" \/>\n<meta property=\"og:description\" content=\"Orlai J\u00e1nos vagyok. Nyugd\u00edjas villamosm\u00e9rn\u00f6k. T\u00f6bb t\u00edz \u00e9ve \u00e9l\u00fcnk csal\u00e1dommal a VIII. ker\u00fcletben. Sok ter\u00fcleten dolgoztam a szakm\u00e1mban \u00e9s azon k\u00edv\u00fcl is. Sokat foglalkoztam elektronik\u00e1val, fejleszt\u00e9ssel, jav\u00edt\u00e1ssal, m\u0171szer \u00e9p\u00edt\u00e9ssel \u00e9s m\u00e9r\u00e9stechnik\u00e1val. Nem esett t\u0151lem t\u00e1vol a m\u0171hely munka: f\u00e1val, f\u00e9mmel \u00e9s m\u0171anyagokkal dolgoztam. K\u00fcl\u00f6n ter\u00fcletk\u00e9nt ismertem meg a ragaszt\u00e1s technik\u00e1t. Sokr\u00e9t\u0171 szersz\u00e1m ismerettel rendelkezem. \u00c9rdekl\u0151d\u00e9ssel [&hellip;]\" \/>\n<meta property=\"og:url\" content=\"https:\/\/repaircafebudapest.hu\/en\/szakemberek\/orlai-janos\/\" \/>\n<meta property=\"og:site_name\" content=\"Repair Cafe Budapest\" \/>\n<meta property=\"article:publisher\" content=\"https:\/\/www.facebook.com\/profile.php?id=61552754066692&amp;locale=hu_HU\" \/>\n<meta property=\"og:image\" content=\"https:\/\/repaircafebudapest.hu\/wp-content\/uploads\/2024\/01\/Kep32422.webp\" \/>\n\t<meta property=\"og:image:width\" content=\"324\" \/>\n\t<meta property=\"og:image:height\" content=\"491\" \/>\n\t<meta property=\"og:image:type\" content=\"image\/webp\" \/>\n<meta name=\"twitter:card\" content=\"summary_large_image\" \/>\n<meta name=\"twitter:label1\" content=\"Estimated reading time\" \/>\n\t<meta name=\"twitter:data1\" content=\"1 minute\" \/>\n<script type=\"application\/ld+json\" class=\"yoast-schema-graph\">{\"@context\":\"https:\\\/\\\/schema.org\",\"@graph\":[{\"@type\":\"WebPage\",\"@id\":\"https:\\\/\\\/repaircafebudapest.hu\\\/szakemberek\\\/orlai-janos\\\/\",\"url\":\"https:\\\/\\\/repaircafebudapest.hu\\\/szakemberek\\\/orlai-janos\\\/\",\"name\":\"Orlai J\u00e1nos - Repair Cafe Budapest\",\"isPartOf\":{\"@id\":\"https:\\\/\\\/repaircafebudapest.hu\\\/#website\"},\"primaryImageOfPage\":{\"@id\":\"https:\\\/\\\/repaircafebudapest.hu\\\/szakemberek\\\/orlai-janos\\\/#primaryimage\"},\"image\":{\"@id\":\"https:\\\/\\\/repaircafebudapest.hu\\\/szakemberek\\\/orlai-janos\\\/#primaryimage\"},\"thumbnailUrl\":\"https:\\\/\\\/repaircafebudapest.hu\\\/wp-content\\\/uploads\\\/2024\\\/01\\\/Kep32422.webp\",\"datePublished\":\"2024-01-29T21:44:47+00:00\",\"breadcrumb\":{\"@id\":\"https:\\\/\\\/repaircafebudapest.hu\\\/szakemberek\\\/orlai-janos\\\/#breadcrumb\"},\"inLanguage\":\"en-GB\",\"potentialAction\":[{\"@type\":\"ReadAction\",\"target\":[\"https:\\\/\\\/repaircafebudapest.hu\\\/szakemberek\\\/orlai-janos\\\/\"]}]},{\"@type\":\"ImageObject\",\"inLanguage\":\"en-GB\",\"@id\":\"https:\\\/\\\/repaircafebudapest.hu\\\/szakemberek\\\/orlai-janos\\\/#primaryimage\",\"url\":\"https:\\\/\\\/repaircafebudapest.hu\\\/wp-content\\\/uploads\\\/2024\\\/01\\\/Kep32422.webp\",\"contentUrl\":\"https:\\\/\\\/repaircafebudapest.hu\\\/wp-content\\\/uploads\\\/2024\\\/01\\\/Kep32422.webp\",\"width\":324,\"height\":491},{\"@type\":\"BreadcrumbList\",\"@id\":\"https:\\\/\\\/repaircafebudapest.hu\\\/szakemberek\\\/orlai-janos\\\/#breadcrumb\",\"itemListElement\":[{\"@type\":\"ListItem\",\"position\":1,\"name\":\"Kezd\u0151lap\",\"item\":\"https:\\\/\\\/repaircafebudapest.hu\\\/\"},{\"@type\":\"ListItem\",\"position\":2,\"name\":\"Orlai J\u00e1nos\"}]},{\"@type\":\"WebSite\",\"@id\":\"https:\\\/\\\/repaircafebudapest.hu\\\/#website\",\"url\":\"https:\\\/\\\/repaircafebudapest.hu\\\/\",\"name\":\"Repair Cafe Budapest\",\"description\":\"Repair Cafe Budapest\",\"publisher\":{\"@id\":\"https:\\\/\\\/repaircafebudapest.hu\\\/#organization\"},\"potentialAction\":[{\"@type\":\"SearchAction\",\"target\":{\"@type\":\"EntryPoint\",\"urlTemplate\":\"https:\\\/\\\/repaircafebudapest.hu\\\/?s={search_term_string}\"},\"query-input\":{\"@type\":\"PropertyValueSpecification\",\"valueRequired\":true,\"valueName\":\"search_term_string\"}}],\"inLanguage\":\"en-GB\"},{\"@type\":\"Organization\",\"@id\":\"https:\\\/\\\/repaircafebudapest.hu\\\/#organization\",\"name\":\"Repair Cafe Budapest\",\"url\":\"https:\\\/\\\/repaircafebudapest.hu\\\/\",\"logo\":{\"@type\":\"ImageObject\",\"inLanguage\":\"en-GB\",\"@id\":\"https:\\\/\\\/repaircafebudapest.hu\\\/#\\\/schema\\\/logo\\\/image\\\/\",\"url\":\"https:\\\/\\\/repaircafebudapest.hu\\\/wp-content\\\/uploads\\\/2023\\\/11\\\/rcb-logo.webp\",\"contentUrl\":\"https:\\\/\\\/repaircafebudapest.hu\\\/wp-content\\\/uploads\\\/2023\\\/11\\\/rcb-logo.webp\",\"width\":2298,\"height\":1000,\"caption\":\"Repair Cafe Budapest\"},\"image\":{\"@id\":\"https:\\\/\\\/repaircafebudapest.hu\\\/#\\\/schema\\\/logo\\\/image\\\/\"},\"sameAs\":[\"https:\\\/\\\/www.facebook.com\\\/profile.php?id=61552754066692&locale=hu_HU\"]}]}<\/script>\n<!-- \/ Yoast SEO Premium plugin. -->","yoast_head_json":{"title":"Orlai J\u00e1nos - Repair Cafe Budapest","robots":{"index":"index","follow":"follow","max-snippet":"max-snippet:-1","max-image-preview":"max-image-preview:large","max-video-preview":"max-video-preview:-1"},"canonical":"https:\/\/repaircafebudapest.hu\/en\/szakemberek\/orlai-janos\/","og_locale":"en_GB","og_type":"article","og_title":"Orlai J\u00e1nos","og_description":"Orlai J\u00e1nos vagyok. Nyugd\u00edjas villamosm\u00e9rn\u00f6k. T\u00f6bb t\u00edz \u00e9ve \u00e9l\u00fcnk csal\u00e1dommal a VIII. ker\u00fcletben. Sok ter\u00fcleten dolgoztam a szakm\u00e1mban \u00e9s azon k\u00edv\u00fcl is. Sokat foglalkoztam elektronik\u00e1val, fejleszt\u00e9ssel, jav\u00edt\u00e1ssal, m\u0171szer \u00e9p\u00edt\u00e9ssel \u00e9s m\u00e9r\u00e9stechnik\u00e1val. Nem esett t\u0151lem t\u00e1vol a m\u0171hely munka: f\u00e1val, f\u00e9mmel \u00e9s m\u0171anyagokkal dolgoztam. K\u00fcl\u00f6n ter\u00fcletk\u00e9nt ismertem meg a ragaszt\u00e1s technik\u00e1t. Sokr\u00e9t\u0171 szersz\u00e1m ismerettel rendelkezem. \u00c9rdekl\u0151d\u00e9ssel [&hellip;]","og_url":"https:\/\/repaircafebudapest.hu\/en\/szakemberek\/orlai-janos\/","og_site_name":"Repair Cafe Budapest","article_publisher":"https:\/\/www.facebook.com\/profile.php?id=61552754066692&locale=hu_HU","og_image":[{"width":324,"height":491,"url":"https:\/\/repaircafebudapest.hu\/wp-content\/uploads\/2024\/01\/Kep32422.webp","type":"image\/webp"}],"twitter_card":"summary_large_image","twitter_misc":{"Estimated reading time":"1 minute"},"schema":{"@context":"https:\/\/schema.org","@graph":[{"@type":"WebPage","@id":"https:\/\/repaircafebudapest.hu\/szakemberek\/orlai-janos\/","url":"https:\/\/repaircafebudapest.hu\/szakemberek\/orlai-janos\/","name":"Orlai J\u00e1nos - Repair Cafe Budapest","isPartOf":{"@id":"https:\/\/repaircafebudapest.hu\/#website"},"primaryImageOfPage":{"@id":"https:\/\/repaircafebudapest.hu\/szakemberek\/orlai-janos\/#primaryimage"},"image":{"@id":"https:\/\/repaircafebudapest.hu\/szakemberek\/orlai-janos\/#primaryimage"},"thumbnailUrl":"https:\/\/repaircafebudapest.hu\/wp-content\/uploads\/2024\/01\/Kep32422.webp","datePublished":"2024-01-29T21:44:47+00:00","breadcrumb":{"@id":"https:\/\/repaircafebudapest.hu\/szakemberek\/orlai-janos\/#breadcrumb"},"inLanguage":"en-GB","potentialAction":[{"@type":"ReadAction","target":["https:\/\/repaircafebudapest.hu\/szakemberek\/orlai-janos\/"]}]},{"@type":"ImageObject","inLanguage":"en-GB","@id":"https:\/\/repaircafebudapest.hu\/szakemberek\/orlai-janos\/#primaryimage","url":"https:\/\/repaircafebudapest.hu\/wp-content\/uploads\/2024\/01\/Kep32422.webp","contentUrl":"https:\/\/repaircafebudapest.hu\/wp-content\/uploads\/2024\/01\/Kep32422.webp","width":324,"height":491},{"@type":"BreadcrumbList","@id":"https:\/\/repaircafebudapest.hu\/szakemberek\/orlai-janos\/#breadcrumb","itemListElement":[{"@type":"ListItem","position":1,"name":"Kezd\u0151lap","item":"https:\/\/repaircafebudapest.hu\/"},{"@type":"ListItem","position":2,"name":"Orlai J\u00e1nos"}]},{"@type":"WebSite","@id":"https:\/\/repaircafebudapest.hu\/#website","url":"https:\/\/repaircafebudapest.hu\/","name":"Repair Cafe Budapest","description":"Repair Cafe Budapest","publisher":{"@id":"https:\/\/repaircafebudapest.hu\/#organization"},"potentialAction":[{"@type":"SearchAction","target":{"@type":"EntryPoint","urlTemplate":"https:\/\/repaircafebudapest.hu\/?s={search_term_string}"},"query-input":{"@type":"PropertyValueSpecification","valueRequired":true,"valueName":"search_term_string"}}],"inLanguage":"en-GB"},{"@type":"Organization","@id":"https:\/\/repaircafebudapest.hu\/#organization","name":"Repair Cafe Budapest","url":"https:\/\/repaircafebudapest.hu\/","logo":{"@type":"ImageObject","inLanguage":"en-GB","@id":"https:\/\/repaircafebudapest.hu\/#\/schema\/logo\/image\/","url":"https:\/\/repaircafebudapest.hu\/wp-content\/uploads\/2023\/11\/rcb-logo.webp","contentUrl":"https:\/\/repaircafebudapest.hu\/wp-content\/uploads\/2023\/11\/rcb-logo.webp","width":2298,"height":1000,"caption":"Repair Cafe Budapest"},"image":{"@id":"https:\/\/repaircafebudapest.hu\/#\/schema\/logo\/image\/"},"sameAs":["https:\/\/www.facebook.com\/profile.php?id=61552754066692&locale=hu_HU"]}]}},"_links":{"self":[{"href":"https:\/\/repaircafebudapest.hu\/en\/wp-json\/wp\/v2\/szakemberek\/660","targetHints":{"allow":["GET"]}}],"collection":[{"href":"https:\/\/repaircafebudapest.hu\/en\/wp-json\/wp\/v2\/szakemberek"}],"about":[{"href":"https:\/\/repaircafebudapest.hu\/en\/wp-json\/wp\/v2\/types\/szakemberek"}],"wp:featuredmedia":[{"embeddable":true,"href":"https:\/\/repaircafebudapest.hu\/en\/wp-json\/wp\/v2\/media\/662"}],"wp:attachment":[{"href":"https:\/\/repaircafebudapest.hu\/en\/wp-json\/wp\/v2\/media?parent=660"}],"wp:term":[{"taxonomy":"category","embeddable":true,"href":"https:\/\/repaircafebudapest.hu\/en\/wp-json\/wp\/v2\/categories?post=660"},{"taxonomy":"post_tag","embeddable":true,"href":"https:\/\/repaircafebudapest.hu\/en\/wp-json\/wp\/v2\/tags?post=660"}],"curies":[{"name":"wp","href":"https:\/\/api.w.org\/{rel}","templated":true}]}}

Orlai János

<p>Orlai János vagyok. Nyugdíjas villamosmérnök. Több tíz éve élünk családommal a VIII. kerületben.</p>
<p>Sok területen dolgoztam a szakmámban és azon kívül is. Sokat foglalkoztam elektronikával, fejlesztéssel, javítással, műszer építéssel és méréstechnikával. Nem esett tőlem távol a műhely munka: fával, fémmel és műanyagokkal dolgoztam. Külön területként ismertem meg a ragasztás technikát.</p>
<p>Sokrétű szerszám ismerettel rendelkezem. Érdeklődéssel ástam bele magam más szakmák világába.</p>
<p>Szívesen adom át tapasztalataimat most a Repair Cafe keretei között.</p>

<!-- This site is optimized with the Yoast SEO Premium plugin v27.4 (Yoast SEO v27.4) - https://yoast.com/product/yoast-seo-premium-wordpress/ -->
<title>Orlai János - Repair Cafe Budapest</title>
<meta name="robots" content="index, follow, max-snippet:-1, max-image-preview:large, max-video-preview:-1" />
<link rel="canonical" href="https://repaircafebudapest.hu/en/szakemberek/orlai-janos/" />
<meta property="og:locale" content="en_GB" />
<meta property="og:type" content="article" />
<meta property="og:title" content="Orlai János" />
<meta property="og:description" content="Orlai János vagyok. Nyugdíjas villamosmérnök. Több tíz éve élünk családommal a VIII. kerületben. Sok területen dolgoztam a szakmámban és azon kívül is. Sokat foglalkoztam elektronikával, fejlesztéssel, javítással, műszer építéssel és méréstechnikával. Nem esett tőlem távol a műhely munka: fával, fémmel és műanyagokkal dolgoztam. Külön területként ismertem meg a ragasztás technikát. Sokrétű szerszám ismerettel rendelkezem. Érdeklődéssel [&hellip;]" />
<meta property="og:url" content="https://repaircafebudapest.hu/en/szakemberek/orlai-janos/" />
<meta property="og:site_name" content="Repair Cafe Budapest" />
<meta property="article:publisher" content="https://www.facebook.com/profile.php?id=61552754066692&amp;locale=hu_HU" />
<meta property="og:image" content="https://repaircafebudapest.hu/wp-content/uploads/2024/01/Kep32422.webp" />
	<meta property="og:image:width" content="324" />
	<meta property="og:image:height" content="491" />
	<meta property="og:image:type" content="image/webp" />
<meta name="twitter:card" content="summary_large_image" />
<meta name="twitter:label1" content="Estimated reading time" />
	<meta name="twitter:data1" content="1 minute" />
<script type="application/ld+json" class="yoast-schema-graph">{"@context":"https:\/\/schema.org","@graph":[{"@type":"WebPage","@id":"https:\/\/repaircafebudapest.hu\/szakemberek\/orlai-janos\/","url":"https:\/\/repaircafebudapest.hu\/szakemberek\/orlai-janos\/","name":"Orlai János - Repair Cafe Budapest","isPartOf":{"@id":"https:\/\/repaircafebudapest.hu\/#website"},"primaryImageOfPage":{"@id":"https:\/\/repaircafebudapest.hu\/szakemberek\/orlai-janos\/#primaryimage"},"image":{"@id":"https:\/\/repaircafebudapest.hu\/szakemberek\/orlai-janos\/#primaryimage"},"thumbnailUrl":"https:\/\/repaircafebudapest.hu\/wp-content\/uploads\/2024\/01\/Kep32422.webp","datePublished":"2024-01-29T21:44:47+00:00","breadcrumb":{"@id":"https:\/\/repaircafebudapest.hu\/szakemberek\/orlai-janos\/#breadcrumb"},"inLanguage":"en-GB","potentialAction":[{"@type":"ReadAction","target":["https:\/\/repaircafebudapest.hu\/szakemberek\/orlai-janos\/"]}]},{"@type":"ImageObject","inLanguage":"en-GB","@id":"https:\/\/repaircafebudapest.hu\/szakemberek\/orlai-janos\/#primaryimage","url":"https:\/\/repaircafebudapest.hu\/wp-content\/uploads\/2024\/01\/Kep32422.webp","contentUrl":"https:\/\/repaircafebudapest.hu\/wp-content\/uploads\/2024\/01\/Kep32422.webp","width":324,"height":491},{"@type":"BreadcrumbList","@id":"https:\/\/repaircafebudapest.hu\/szakemberek\/orlai-janos\/#breadcrumb","itemListElement":[{"@type":"ListItem","position":1,"name":"Kezdőlap","item":"https:\/\/repaircafebudapest.hu\/"},{"@type":"ListItem","position":2,"name":"Orlai János"}]},{"@type":"WebSite","@id":"https:\/\/repaircafebudapest.hu\/#website","url":"https:\/\/repaircafebudapest.hu\/","name":"Repair Cafe Budapest","description":"Repair Cafe Budapest","publisher":{"@id":"https:\/\/repaircafebudapest.hu\/#organization"},"potentialAction":[{"@type":"SearchAction","target":{"@type":"EntryPoint","urlTemplate":"https:\/\/repaircafebudapest.hu\/?s={search_term_string}"},"query-input":{"@type":"PropertyValueSpecification","valueRequired":true,"valueName":"search_term_string"}}],"inLanguage":"en-GB"},{"@type":"Organization","@id":"https:\/\/repaircafebudapest.hu\/#organization","name":"Repair Cafe Budapest","url":"https:\/\/repaircafebudapest.hu\/","logo":{"@type":"ImageObject","inLanguage":"en-GB","@id":"https:\/\/repaircafebudapest.hu\/#\/schema\/logo\/image\/","url":"https:\/\/repaircafebudapest.hu\/wp-content\/uploads\/2023\/11\/rcb-logo.webp","contentUrl":"https:\/\/repaircafebudapest.hu\/wp-content\/uploads\/2023\/11\/rcb-logo.webp","width":2298,"height":1000,"caption":"Repair Cafe Budapest"},"image":{"@id":"https:\/\/repaircafebudapest.hu\/#\/schema\/logo\/image\/"},"sameAs":["https:\/\/www.facebook.com\/profile.php?id=61552754066692&locale=hu_HU"]}]}</script>
<!-- / Yoast SEO Premium plugin. -->

Orlai János - Repair Cafe Budapest

Orlai János vagyok. Nyugdíjas villamosmérnök. Több tíz éve élünk családommal a VIII. kerületben. Sok területen dolgoztam a szakmámban és azon kívül is. Sokat foglalkoztam elektronikával, fejlesztéssel, javítással, műszer építéssel és méréstechnikával. Nem esett tőlem távol a műhely munka: fával, fémmel és műanyagokkal dolgoztam. Külön területként ismertem meg a ragasztás technikát. Sokrétű szerszám ismerettel rendelkezem. Érdeklődéssel [&hellip;]

Kezdőlap
