{"id":584,"date":"2023-11-21T20:07:42","date_gmt":"2023-11-21T20:07:42","guid":{"rendered":"https:\/\/repaircafebudapest.hu\/?post_type=szakemberek&#038;p=584"},"modified":"2023-11-21T20:18:34","modified_gmt":"2023-11-21T20:18:34","slug":"sagi-andras","status":"publish","type":"szakemberek","link":"https:\/\/repaircafebudapest.hu\/en\/szakemberek\/sagi-andras\/","title":{"rendered":"S\u00e1gi Andr\u00e1s"},"content":{"rendered":"<p>M\u00e1r gyerekkoromban is szerettem k\u00fcty\u00fcket sz\u00e9tszedni, hogy r\u00e1j\u00f6jjek a m\u0171k\u00f6d\u00e9s\u00fckre.<br \/>\nAz\u00f3ta azt is megtanultam hogyan kell \u0151ket \u00f6sszerakni&#8230; \ud83d\ude42<\/p>\n<p>V\u00e9gzetts\u00e9gem villamosm\u00e9rn\u00f6k, szeretek bring\u00e1zni \u00e9s kert\u00e9szkedni, bark\u00e1csolni. Fontosnak tartom a fenntarthat\u00f3s\u00e1got, a kidob\u00e1s helyett a jav\u00edt\u00e1st, \u00e9s ha te is \u00edgy \u00e9rzed, n\u00e1lunk j\u00f3 helyen j\u00e1rsz!<br \/>\nHa bej\u00f6ssz a Repair Caf\u00e9ba, egy\u00fctt megjav\u00edthatjuk a k\u00e9sz\u00fcl\u00e9ked k\u00f6t\u00f6zk\u00f6d\u0151 kapcsol\u00f3j\u00e1t, kicser\u00e9lhetj\u00fck a tengerimalac r\u00e1gta k\u00e1belt, megragaszthatjuk azt ami elt\u00f6rt.<\/p>\n<p>Minden szersz\u00e1munk a rendelkez\u00e9sedre \u00e1ll, j\u00f6hetsz akkor is ha pontosan tudod mit szeretn\u00e9l \u00e9s akkor is ha m\u00e9g nem tudod hogyan kezdj neki. Mi itt lesz\u00fcnk \u00e9s \u00f6r\u00f6mmel seg\u00edt\u00fcnk!<\/p>\n<p>A k\u00f6z\u00f6ss\u00e9gi szereld\u00e9nk fontos c\u00e9lja a tud\u00e1smegoszt\u00e1s, \u00e9n sz\u00edvesen megtan\u00edtalak p\u00e9ld\u00e1ul forrasztani vagy fesz\u00fclts\u00e9gm\u00e9r\u0151t haszn\u00e1lni. Ha te is megosztan\u00e1d a saj\u00e1t tud\u00e1sod m\u00e1sokkal, k\u00f6zt\u00fcnk a helyed!<\/p>\n<p>V\u00e1runk szeretettel!<\/p>","protected":false},"featured_media":585,"template":"","categories":[65,66],"tags":[],"class_list":["post-584","szakemberek","type-szakemberek","status-publish","has-post-thumbnail","hentry","category-elektromos-keszulekek","category-ragasztas"],"acf":[],"yoast_head":"<!-- This site is optimized with the Yoast SEO Premium plugin v27.4 (Yoast SEO v27.4) - https:\/\/yoast.com\/product\/yoast-seo-premium-wordpress\/ -->\n<title>S\u00e1gi Andr\u00e1s - Repair Cafe Budapest<\/title>\n<meta name=\"robots\" content=\"index, follow, max-snippet:-1, max-image-preview:large, max-video-preview:-1\" \/>\n<link rel=\"canonical\" href=\"https:\/\/repaircafebudapest.hu\/en\/szakemberek\/sagi-andras\/\" \/>\n<meta property=\"og:locale\" content=\"en_GB\" \/>\n<meta property=\"og:type\" content=\"article\" \/>\n<meta property=\"og:title\" content=\"S\u00e1gi Andr\u00e1s\" \/>\n<meta property=\"og:description\" content=\"M\u00e1r gyerekkoromban is szerettem k\u00fcty\u00fcket sz\u00e9tszedni, hogy r\u00e1j\u00f6jjek a m\u0171k\u00f6d\u00e9s\u00fckre. Az\u00f3ta azt is megtanultam hogyan kell \u0151ket \u00f6sszerakni&#8230; \ud83d\ude42 V\u00e9gzetts\u00e9gem villamosm\u00e9rn\u00f6k, szeretek bring\u00e1zni \u00e9s kert\u00e9szkedni, bark\u00e1csolni. Fontosnak tartom a fenntarthat\u00f3s\u00e1got, a kidob\u00e1s helyett a jav\u00edt\u00e1st, \u00e9s ha te is \u00edgy \u00e9rzed, n\u00e1lunk j\u00f3 helyen j\u00e1rsz! Ha bej\u00f6ssz a Repair Caf\u00e9ba, egy\u00fctt megjav\u00edthatjuk a k\u00e9sz\u00fcl\u00e9ked k\u00f6t\u00f6zk\u00f6d\u0151 [&hellip;]\" \/>\n<meta property=\"og:url\" content=\"https:\/\/repaircafebudapest.hu\/en\/szakemberek\/sagi-andras\/\" \/>\n<meta property=\"og:site_name\" content=\"Repair Cafe Budapest\" \/>\n<meta property=\"article:publisher\" content=\"https:\/\/www.facebook.com\/profile.php?id=61552754066692&amp;locale=hu_HU\" \/>\n<meta property=\"article:modified_time\" content=\"2023-11-21T20:18:34+00:00\" \/>\n<meta property=\"og:image\" content=\"https:\/\/repaircafebudapest.hu\/wp-content\/uploads\/2023\/11\/Sagi-Andras-aloldali-kep.webp\" \/>\n\t<meta property=\"og:image:width\" content=\"1479\" \/>\n\t<meta property=\"og:image:height\" content=\"1818\" \/>\n\t<meta property=\"og:image:type\" content=\"image\/webp\" \/>\n<meta name=\"twitter:card\" content=\"summary_large_image\" \/>\n<meta name=\"twitter:label1\" content=\"Estimated reading time\" \/>\n\t<meta name=\"twitter:data1\" content=\"1 minute\" \/>\n<script type=\"application\/ld+json\" class=\"yoast-schema-graph\">{\"@context\":\"https:\\\/\\\/schema.org\",\"@graph\":[{\"@type\":\"WebPage\",\"@id\":\"https:\\\/\\\/repaircafebudapest.hu\\\/szakemberek\\\/sagi-andras\\\/\",\"url\":\"https:\\\/\\\/repaircafebudapest.hu\\\/szakemberek\\\/sagi-andras\\\/\",\"name\":\"S\u00e1gi Andr\u00e1s - Repair Cafe Budapest\",\"isPartOf\":{\"@id\":\"https:\\\/\\\/repaircafebudapest.hu\\\/#website\"},\"primaryImageOfPage\":{\"@id\":\"https:\\\/\\\/repaircafebudapest.hu\\\/szakemberek\\\/sagi-andras\\\/#primaryimage\"},\"image\":{\"@id\":\"https:\\\/\\\/repaircafebudapest.hu\\\/szakemberek\\\/sagi-andras\\\/#primaryimage\"},\"thumbnailUrl\":\"https:\\\/\\\/repaircafebudapest.hu\\\/wp-content\\\/uploads\\\/2023\\\/11\\\/Sagi-Andras-aloldali-kep.webp\",\"datePublished\":\"2023-11-21T20:07:42+00:00\",\"dateModified\":\"2023-11-21T20:18:34+00:00\",\"breadcrumb\":{\"@id\":\"https:\\\/\\\/repaircafebudapest.hu\\\/szakemberek\\\/sagi-andras\\\/#breadcrumb\"},\"inLanguage\":\"en-GB\",\"potentialAction\":[{\"@type\":\"ReadAction\",\"target\":[\"https:\\\/\\\/repaircafebudapest.hu\\\/szakemberek\\\/sagi-andras\\\/\"]}]},{\"@type\":\"ImageObject\",\"inLanguage\":\"en-GB\",\"@id\":\"https:\\\/\\\/repaircafebudapest.hu\\\/szakemberek\\\/sagi-andras\\\/#primaryimage\",\"url\":\"https:\\\/\\\/repaircafebudapest.hu\\\/wp-content\\\/uploads\\\/2023\\\/11\\\/Sagi-Andras-aloldali-kep.webp\",\"contentUrl\":\"https:\\\/\\\/repaircafebudapest.hu\\\/wp-content\\\/uploads\\\/2023\\\/11\\\/Sagi-Andras-aloldali-kep.webp\",\"width\":1479,\"height\":1818},{\"@type\":\"BreadcrumbList\",\"@id\":\"https:\\\/\\\/repaircafebudapest.hu\\\/szakemberek\\\/sagi-andras\\\/#breadcrumb\",\"itemListElement\":[{\"@type\":\"ListItem\",\"position\":1,\"name\":\"Kezd\u0151lap\",\"item\":\"https:\\\/\\\/repaircafebudapest.hu\\\/\"},{\"@type\":\"ListItem\",\"position\":2,\"name\":\"S\u00e1gi Andr\u00e1s\"}]},{\"@type\":\"WebSite\",\"@id\":\"https:\\\/\\\/repaircafebudapest.hu\\\/#website\",\"url\":\"https:\\\/\\\/repaircafebudapest.hu\\\/\",\"name\":\"Repair Cafe Budapest\",\"description\":\"Repair Cafe Budapest\",\"publisher\":{\"@id\":\"https:\\\/\\\/repaircafebudapest.hu\\\/#organization\"},\"potentialAction\":[{\"@type\":\"SearchAction\",\"target\":{\"@type\":\"EntryPoint\",\"urlTemplate\":\"https:\\\/\\\/repaircafebudapest.hu\\\/?s={search_term_string}\"},\"query-input\":{\"@type\":\"PropertyValueSpecification\",\"valueRequired\":true,\"valueName\":\"search_term_string\"}}],\"inLanguage\":\"en-GB\"},{\"@type\":\"Organization\",\"@id\":\"https:\\\/\\\/repaircafebudapest.hu\\\/#organization\",\"name\":\"Repair Cafe Budapest\",\"url\":\"https:\\\/\\\/repaircafebudapest.hu\\\/\",\"logo\":{\"@type\":\"ImageObject\",\"inLanguage\":\"en-GB\",\"@id\":\"https:\\\/\\\/repaircafebudapest.hu\\\/#\\\/schema\\\/logo\\\/image\\\/\",\"url\":\"https:\\\/\\\/repaircafebudapest.hu\\\/wp-content\\\/uploads\\\/2023\\\/11\\\/rcb-logo.webp\",\"contentUrl\":\"https:\\\/\\\/repaircafebudapest.hu\\\/wp-content\\\/uploads\\\/2023\\\/11\\\/rcb-logo.webp\",\"width\":2298,\"height\":1000,\"caption\":\"Repair Cafe Budapest\"},\"image\":{\"@id\":\"https:\\\/\\\/repaircafebudapest.hu\\\/#\\\/schema\\\/logo\\\/image\\\/\"},\"sameAs\":[\"https:\\\/\\\/www.facebook.com\\\/profile.php?id=61552754066692&locale=hu_HU\"]}]}<\/script>\n<!-- \/ Yoast SEO Premium plugin. -->","yoast_head_json":{"title":"S\u00e1gi Andr\u00e1s - Repair Cafe Budapest","robots":{"index":"index","follow":"follow","max-snippet":"max-snippet:-1","max-image-preview":"max-image-preview:large","max-video-preview":"max-video-preview:-1"},"canonical":"https:\/\/repaircafebudapest.hu\/en\/szakemberek\/sagi-andras\/","og_locale":"en_GB","og_type":"article","og_title":"S\u00e1gi Andr\u00e1s","og_description":"M\u00e1r gyerekkoromban is szerettem k\u00fcty\u00fcket sz\u00e9tszedni, hogy r\u00e1j\u00f6jjek a m\u0171k\u00f6d\u00e9s\u00fckre. Az\u00f3ta azt is megtanultam hogyan kell \u0151ket \u00f6sszerakni&#8230; \ud83d\ude42 V\u00e9gzetts\u00e9gem villamosm\u00e9rn\u00f6k, szeretek bring\u00e1zni \u00e9s kert\u00e9szkedni, bark\u00e1csolni. Fontosnak tartom a fenntarthat\u00f3s\u00e1got, a kidob\u00e1s helyett a jav\u00edt\u00e1st, \u00e9s ha te is \u00edgy \u00e9rzed, n\u00e1lunk j\u00f3 helyen j\u00e1rsz! Ha bej\u00f6ssz a Repair Caf\u00e9ba, egy\u00fctt megjav\u00edthatjuk a k\u00e9sz\u00fcl\u00e9ked k\u00f6t\u00f6zk\u00f6d\u0151 [&hellip;]","og_url":"https:\/\/repaircafebudapest.hu\/en\/szakemberek\/sagi-andras\/","og_site_name":"Repair Cafe Budapest","article_publisher":"https:\/\/www.facebook.com\/profile.php?id=61552754066692&locale=hu_HU","article_modified_time":"2023-11-21T20:18:34+00:00","og_image":[{"width":1479,"height":1818,"url":"https:\/\/repaircafebudapest.hu\/wp-content\/uploads\/2023\/11\/Sagi-Andras-aloldali-kep.webp","type":"image\/webp"}],"twitter_card":"summary_large_image","twitter_misc":{"Estimated reading time":"1 minute"},"schema":{"@context":"https:\/\/schema.org","@graph":[{"@type":"WebPage","@id":"https:\/\/repaircafebudapest.hu\/szakemberek\/sagi-andras\/","url":"https:\/\/repaircafebudapest.hu\/szakemberek\/sagi-andras\/","name":"S\u00e1gi Andr\u00e1s - Repair Cafe Budapest","isPartOf":{"@id":"https:\/\/repaircafebudapest.hu\/#website"},"primaryImageOfPage":{"@id":"https:\/\/repaircafebudapest.hu\/szakemberek\/sagi-andras\/#primaryimage"},"image":{"@id":"https:\/\/repaircafebudapest.hu\/szakemberek\/sagi-andras\/#primaryimage"},"thumbnailUrl":"https:\/\/repaircafebudapest.hu\/wp-content\/uploads\/2023\/11\/Sagi-Andras-aloldali-kep.webp","datePublished":"2023-11-21T20:07:42+00:00","dateModified":"2023-11-21T20:18:34+00:00","breadcrumb":{"@id":"https:\/\/repaircafebudapest.hu\/szakemberek\/sagi-andras\/#breadcrumb"},"inLanguage":"en-GB","potentialAction":[{"@type":"ReadAction","target":["https:\/\/repaircafebudapest.hu\/szakemberek\/sagi-andras\/"]}]},{"@type":"ImageObject","inLanguage":"en-GB","@id":"https:\/\/repaircafebudapest.hu\/szakemberek\/sagi-andras\/#primaryimage","url":"https:\/\/repaircafebudapest.hu\/wp-content\/uploads\/2023\/11\/Sagi-Andras-aloldali-kep.webp","contentUrl":"https:\/\/repaircafebudapest.hu\/wp-content\/uploads\/2023\/11\/Sagi-Andras-aloldali-kep.webp","width":1479,"height":1818},{"@type":"BreadcrumbList","@id":"https:\/\/repaircafebudapest.hu\/szakemberek\/sagi-andras\/#breadcrumb","itemListElement":[{"@type":"ListItem","position":1,"name":"Kezd\u0151lap","item":"https:\/\/repaircafebudapest.hu\/"},{"@type":"ListItem","position":2,"name":"S\u00e1gi Andr\u00e1s"}]},{"@type":"WebSite","@id":"https:\/\/repaircafebudapest.hu\/#website","url":"https:\/\/repaircafebudapest.hu\/","name":"Repair Cafe Budapest","description":"Repair Cafe Budapest","publisher":{"@id":"https:\/\/repaircafebudapest.hu\/#organization"},"potentialAction":[{"@type":"SearchAction","target":{"@type":"EntryPoint","urlTemplate":"https:\/\/repaircafebudapest.hu\/?s={search_term_string}"},"query-input":{"@type":"PropertyValueSpecification","valueRequired":true,"valueName":"search_term_string"}}],"inLanguage":"en-GB"},{"@type":"Organization","@id":"https:\/\/repaircafebudapest.hu\/#organization","name":"Repair Cafe Budapest","url":"https:\/\/repaircafebudapest.hu\/","logo":{"@type":"ImageObject","inLanguage":"en-GB","@id":"https:\/\/repaircafebudapest.hu\/#\/schema\/logo\/image\/","url":"https:\/\/repaircafebudapest.hu\/wp-content\/uploads\/2023\/11\/rcb-logo.webp","contentUrl":"https:\/\/repaircafebudapest.hu\/wp-content\/uploads\/2023\/11\/rcb-logo.webp","width":2298,"height":1000,"caption":"Repair Cafe Budapest"},"image":{"@id":"https:\/\/repaircafebudapest.hu\/#\/schema\/logo\/image\/"},"sameAs":["https:\/\/www.facebook.com\/profile.php?id=61552754066692&locale=hu_HU"]}]}},"_links":{"self":[{"href":"https:\/\/repaircafebudapest.hu\/en\/wp-json\/wp\/v2\/szakemberek\/584","targetHints":{"allow":["GET"]}}],"collection":[{"href":"https:\/\/repaircafebudapest.hu\/en\/wp-json\/wp\/v2\/szakemberek"}],"about":[{"href":"https:\/\/repaircafebudapest.hu\/en\/wp-json\/wp\/v2\/types\/szakemberek"}],"wp:featuredmedia":[{"embeddable":true,"href":"https:\/\/repaircafebudapest.hu\/en\/wp-json\/wp\/v2\/media\/585"}],"wp:attachment":[{"href":"https:\/\/repaircafebudapest.hu\/en\/wp-json\/wp\/v2\/media?parent=584"}],"wp:term":[{"taxonomy":"category","embeddable":true,"href":"https:\/\/repaircafebudapest.hu\/en\/wp-json\/wp\/v2\/categories?post=584"},{"taxonomy":"post_tag","embeddable":true,"href":"https:\/\/repaircafebudapest.hu\/en\/wp-json\/wp\/v2\/tags?post=584"}],"curies":[{"name":"wp","href":"https:\/\/api.w.org\/{rel}","templated":true}]}}

Sági András

<p>Már gyerekkoromban is szerettem kütyüket szétszedni, hogy rájöjjek a működésükre.<br />
Azóta azt is megtanultam hogyan kell őket összerakni&#8230; 🙂</p>
<p>Végzettségem villamosmérnök, szeretek bringázni és kertészkedni, barkácsolni. Fontosnak tartom a fenntarthatóságot, a kidobás helyett a javítást, és ha te is így érzed, nálunk jó helyen jársz!<br />
Ha bejössz a Repair Caféba, együtt megjavíthatjuk a készüléked kötözködő kapcsolóját, kicserélhetjük a tengerimalac rágta kábelt, megragaszthatjuk azt ami eltört.</p>
<p>Minden szerszámunk a rendelkezésedre áll, jöhetsz akkor is ha pontosan tudod mit szeretnél és akkor is ha még nem tudod hogyan kezdj neki. Mi itt leszünk és örömmel segítünk!</p>
<p>A közösségi szereldénk fontos célja a tudásmegosztás, én szívesen megtanítalak például forrasztani vagy feszültségmérőt használni. Ha te is megosztanád a saját tudásod másokkal, köztünk a helyed!</p>
<p>Várunk szeretettel!</p>

<!-- This site is optimized with the Yoast SEO Premium plugin v27.4 (Yoast SEO v27.4) - https://yoast.com/product/yoast-seo-premium-wordpress/ -->
<title>Sági András - Repair Cafe Budapest</title>
<meta name="robots" content="index, follow, max-snippet:-1, max-image-preview:large, max-video-preview:-1" />
<link rel="canonical" href="https://repaircafebudapest.hu/en/szakemberek/sagi-andras/" />
<meta property="og:locale" content="en_GB" />
<meta property="og:type" content="article" />
<meta property="og:title" content="Sági András" />
<meta property="og:description" content="Már gyerekkoromban is szerettem kütyüket szétszedni, hogy rájöjjek a működésükre. Azóta azt is megtanultam hogyan kell őket összerakni&#8230; 🙂 Végzettségem villamosmérnök, szeretek bringázni és kertészkedni, barkácsolni. Fontosnak tartom a fenntarthatóságot, a kidobás helyett a javítást, és ha te is így érzed, nálunk jó helyen jársz! Ha bejössz a Repair Caféba, együtt megjavíthatjuk a készüléked kötözködő [&hellip;]" />
<meta property="og:url" content="https://repaircafebudapest.hu/en/szakemberek/sagi-andras/" />
<meta property="og:site_name" content="Repair Cafe Budapest" />
<meta property="article:publisher" content="https://www.facebook.com/profile.php?id=61552754066692&amp;locale=hu_HU" />
<meta property="article:modified_time" content="2023-11-21T20:18:34+00:00" />
<meta property="og:image" content="https://repaircafebudapest.hu/wp-content/uploads/2023/11/Sagi-Andras-aloldali-kep.webp" />
	<meta property="og:image:width" content="1479" />
	<meta property="og:image:height" content="1818" />
	<meta property="og:image:type" content="image/webp" />
<meta name="twitter:card" content="summary_large_image" />
<meta name="twitter:label1" content="Estimated reading time" />
	<meta name="twitter:data1" content="1 minute" />
<script type="application/ld+json" class="yoast-schema-graph">{"@context":"https:\/\/schema.org","@graph":[{"@type":"WebPage","@id":"https:\/\/repaircafebudapest.hu\/szakemberek\/sagi-andras\/","url":"https:\/\/repaircafebudapest.hu\/szakemberek\/sagi-andras\/","name":"Sági András - Repair Cafe Budapest","isPartOf":{"@id":"https:\/\/repaircafebudapest.hu\/#website"},"primaryImageOfPage":{"@id":"https:\/\/repaircafebudapest.hu\/szakemberek\/sagi-andras\/#primaryimage"},"image":{"@id":"https:\/\/repaircafebudapest.hu\/szakemberek\/sagi-andras\/#primaryimage"},"thumbnailUrl":"https:\/\/repaircafebudapest.hu\/wp-content\/uploads\/2023\/11\/Sagi-Andras-aloldali-kep.webp","datePublished":"2023-11-21T20:07:42+00:00","dateModified":"2023-11-21T20:18:34+00:00","breadcrumb":{"@id":"https:\/\/repaircafebudapest.hu\/szakemberek\/sagi-andras\/#breadcrumb"},"inLanguage":"en-GB","potentialAction":[{"@type":"ReadAction","target":["https:\/\/repaircafebudapest.hu\/szakemberek\/sagi-andras\/"]}]},{"@type":"ImageObject","inLanguage":"en-GB","@id":"https:\/\/repaircafebudapest.hu\/szakemberek\/sagi-andras\/#primaryimage","url":"https:\/\/repaircafebudapest.hu\/wp-content\/uploads\/2023\/11\/Sagi-Andras-aloldali-kep.webp","contentUrl":"https:\/\/repaircafebudapest.hu\/wp-content\/uploads\/2023\/11\/Sagi-Andras-aloldali-kep.webp","width":1479,"height":1818},{"@type":"BreadcrumbList","@id":"https:\/\/repaircafebudapest.hu\/szakemberek\/sagi-andras\/#breadcrumb","itemListElement":[{"@type":"ListItem","position":1,"name":"Kezdőlap","item":"https:\/\/repaircafebudapest.hu\/"},{"@type":"ListItem","position":2,"name":"Sági András"}]},{"@type":"WebSite","@id":"https:\/\/repaircafebudapest.hu\/#website","url":"https:\/\/repaircafebudapest.hu\/","name":"Repair Cafe Budapest","description":"Repair Cafe Budapest","publisher":{"@id":"https:\/\/repaircafebudapest.hu\/#organization"},"potentialAction":[{"@type":"SearchAction","target":{"@type":"EntryPoint","urlTemplate":"https:\/\/repaircafebudapest.hu\/?s={search_term_string}"},"query-input":{"@type":"PropertyValueSpecification","valueRequired":true,"valueName":"search_term_string"}}],"inLanguage":"en-GB"},{"@type":"Organization","@id":"https:\/\/repaircafebudapest.hu\/#organization","name":"Repair Cafe Budapest","url":"https:\/\/repaircafebudapest.hu\/","logo":{"@type":"ImageObject","inLanguage":"en-GB","@id":"https:\/\/repaircafebudapest.hu\/#\/schema\/logo\/image\/","url":"https:\/\/repaircafebudapest.hu\/wp-content\/uploads\/2023\/11\/rcb-logo.webp","contentUrl":"https:\/\/repaircafebudapest.hu\/wp-content\/uploads\/2023\/11\/rcb-logo.webp","width":2298,"height":1000,"caption":"Repair Cafe Budapest"},"image":{"@id":"https:\/\/repaircafebudapest.hu\/#\/schema\/logo\/image\/"},"sameAs":["https:\/\/www.facebook.com\/profile.php?id=61552754066692&locale=hu_HU"]}]}</script>
<!-- / Yoast SEO Premium plugin. -->

Sági András - Repair Cafe Budapest

Már gyerekkoromban is szerettem kütyüket szétszedni, hogy rájöjjek a működésükre. Azóta azt is megtanultam hogyan kell őket összerakni&#8230; 🙂 Végzettségem villamosmérnök, szeretek bringázni és kertészkedni, barkácsolni. Fontosnak tartom a fenntarthatóságot, a kidobás helyett a javítást, és ha te is így érzed, nálunk jó helyen jársz! Ha bejössz a Repair Caféba, együtt megjavíthatjuk a készüléked kötözködő [&hellip;]

Kezdőlap
