{"id":938,"date":"2024-10-06T22:11:08","date_gmt":"2024-10-06T21:11:08","guid":{"rendered":"https:\/\/repaircafebudapest.hu\/?post_type=event_listing&#038;p=938"},"modified":"2024-10-06T22:13:13","modified_gmt":"2024-10-06T21:13:13","slug":"retextil-muhely-2","status":"expired","type":"event_listing","link":"https:\/\/repaircafebudapest.hu\/en\/event\/retextil-muhely-2\/","title":{"rendered":"Retextil M\u0171hely"},"content":{"rendered":"<p>Retextil technika az otthon keletkez\u0151 ruhafelesleg feldolgoz\u00e1s\u00e1nak egyszer\u0171 m\u00f3dja. Sz\u00fcks\u00e9g\u00fcnk van legal\u00e1bb egy j\u00f3 oll\u00f3ra \u00e9s a feldolgozand\u00f3 ruh\u00e1ra. Ha megsodorjuk a ruh\u00e1b\u00f3l v\u00e1gott sz\u00e1lat er\u0151s, vastag fonalat kapunk. A klasszikus textiltechnik\u00e1k (horgol\u00e1st\u00f3l a hurkol\u00e1sig) alkalmazhat\u00f3ak retextil sz\u00e1lra. Igyeksz\u00fcnk minden anyagot marad\u00e9ktalanul \u00e9s a legmegfelel\u0151bb m\u00f3don felhaszn\u00e1lni.<\/p>","protected":false},"featured_media":939,"template":"","meta":{"_acf_changed":false},"event_listing_category":[],"event_listing_type":[],"class_list":["post-938","event_listing","type-event_listing","status-expired","has-post-thumbnail","hentry"],"acf":[],"yoast_head":"<!-- This site is optimized with the Yoast SEO Premium plugin v27.4 (Yoast SEO v27.4) - https:\/\/yoast.com\/product\/yoast-seo-premium-wordpress\/ -->\n<title>Retextil M\u0171hely - Repair Cafe Budapest<\/title>\n<meta name=\"robots\" content=\"index, follow, max-snippet:-1, max-image-preview:large, max-video-preview:-1\" \/>\n<link rel=\"canonical\" href=\"https:\/\/repaircafebudapest.hu\/en\/event\/retextil-muhely-2\/\" \/>\n<meta property=\"og:locale\" content=\"en_GB\" \/>\n<meta property=\"og:type\" content=\"article\" \/>\n<meta property=\"og:title\" content=\"Retextil M\u0171hely\" \/>\n<meta property=\"og:description\" content=\"Retextil technika az otthon keletkez\u0151 ruhafelesleg feldolgoz\u00e1s\u00e1nak egyszer\u0171 m\u00f3dja. Sz\u00fcks\u00e9g\u00fcnk van legal\u00e1bb egy j\u00f3 oll\u00f3ra \u00e9s a feldolgozand\u00f3 ruh\u00e1ra. Ha megsodorjuk a ruh\u00e1b\u00f3l v\u00e1gott sz\u00e1lat er\u0151s, vastag fonalat kapunk. A klasszikus textiltechnik\u00e1k (horgol\u00e1st\u00f3l a hurkol\u00e1sig) alkalmazhat\u00f3ak retextil sz\u00e1lra. Igyeksz\u00fcnk minden anyagot marad\u00e9ktalanul \u00e9s a legmegfelel\u0151bb m\u00f3don felhaszn\u00e1lni.\" \/>\n<meta property=\"og:url\" content=\"https:\/\/repaircafebudapest.hu\/en\/event\/retextil-muhely-2\/\" \/>\n<meta property=\"og:site_name\" content=\"Repair Cafe Budapest\" \/>\n<meta property=\"article:publisher\" content=\"https:\/\/www.facebook.com\/profile.php?id=61552754066692&amp;locale=hu_HU\" \/>\n<meta property=\"article:modified_time\" content=\"2024-10-06T21:13:13+00:00\" \/>\n<meta property=\"og:image\" content=\"https:\/\/repaircafebudapest.hu\/wp-content\/uploads\/2024\/10\/461855303_10234342644334622_7399813114725325589_n.jpg\" \/>\n\t<meta property=\"og:image:width\" content=\"1500\" \/>\n\t<meta property=\"og:image:height\" content=\"1000\" \/>\n\t<meta property=\"og:image:type\" content=\"image\/jpeg\" \/>\n<meta name=\"twitter:card\" content=\"summary_large_image\" \/>\n<meta name=\"twitter:label1\" content=\"Estimated reading time\" \/>\n\t<meta name=\"twitter:data1\" content=\"1 minute\" \/>\n<script type=\"application\/ld+json\" class=\"yoast-schema-graph\">{\"@context\":\"https:\\\/\\\/schema.org\",\"@graph\":[{\"@type\":\"WebPage\",\"@id\":\"https:\\\/\\\/repaircafebudapest.hu\\\/event\\\/retextil-muhely-2\\\/\",\"url\":\"https:\\\/\\\/repaircafebudapest.hu\\\/event\\\/retextil-muhely-2\\\/\",\"name\":\"Retextil M\u0171hely - Repair Cafe Budapest\",\"isPartOf\":{\"@id\":\"https:\\\/\\\/repaircafebudapest.hu\\\/#website\"},\"primaryImageOfPage\":{\"@id\":\"https:\\\/\\\/repaircafebudapest.hu\\\/event\\\/retextil-muhely-2\\\/#primaryimage\"},\"image\":{\"@id\":\"https:\\\/\\\/repaircafebudapest.hu\\\/event\\\/retextil-muhely-2\\\/#primaryimage\"},\"thumbnailUrl\":\"https:\\\/\\\/repaircafebudapest.hu\\\/wp-content\\\/uploads\\\/2024\\\/10\\\/461855303_10234342644334622_7399813114725325589_n.jpg\",\"datePublished\":\"2024-10-06T21:11:08+00:00\",\"dateModified\":\"2024-10-06T21:13:13+00:00\",\"breadcrumb\":{\"@id\":\"https:\\\/\\\/repaircafebudapest.hu\\\/event\\\/retextil-muhely-2\\\/#breadcrumb\"},\"inLanguage\":\"en-GB\",\"potentialAction\":[{\"@type\":\"ReadAction\",\"target\":[\"https:\\\/\\\/repaircafebudapest.hu\\\/event\\\/retextil-muhely-2\\\/\"]}]},{\"@type\":\"ImageObject\",\"inLanguage\":\"en-GB\",\"@id\":\"https:\\\/\\\/repaircafebudapest.hu\\\/event\\\/retextil-muhely-2\\\/#primaryimage\",\"url\":\"https:\\\/\\\/repaircafebudapest.hu\\\/wp-content\\\/uploads\\\/2024\\\/10\\\/461855303_10234342644334622_7399813114725325589_n.jpg\",\"contentUrl\":\"https:\\\/\\\/repaircafebudapest.hu\\\/wp-content\\\/uploads\\\/2024\\\/10\\\/461855303_10234342644334622_7399813114725325589_n.jpg\",\"width\":1500,\"height\":1000,\"caption\":\"Retextil m\u0171hely\"},{\"@type\":\"BreadcrumbList\",\"@id\":\"https:\\\/\\\/repaircafebudapest.hu\\\/event\\\/retextil-muhely-2\\\/#breadcrumb\",\"itemListElement\":[{\"@type\":\"ListItem\",\"position\":1,\"name\":\"Kezd\u0151lap\",\"item\":\"https:\\\/\\\/repaircafebudapest.hu\\\/\"},{\"@type\":\"ListItem\",\"position\":2,\"name\":\"Retextil M\u0171hely\"}]},{\"@type\":\"WebSite\",\"@id\":\"https:\\\/\\\/repaircafebudapest.hu\\\/#website\",\"url\":\"https:\\\/\\\/repaircafebudapest.hu\\\/\",\"name\":\"Repair Cafe Budapest\",\"description\":\"Repair Cafe Budapest\",\"publisher\":{\"@id\":\"https:\\\/\\\/repaircafebudapest.hu\\\/#organization\"},\"potentialAction\":[{\"@type\":\"SearchAction\",\"target\":{\"@type\":\"EntryPoint\",\"urlTemplate\":\"https:\\\/\\\/repaircafebudapest.hu\\\/?s={search_term_string}\"},\"query-input\":{\"@type\":\"PropertyValueSpecification\",\"valueRequired\":true,\"valueName\":\"search_term_string\"}}],\"inLanguage\":\"en-GB\"},{\"@type\":\"Organization\",\"@id\":\"https:\\\/\\\/repaircafebudapest.hu\\\/#organization\",\"name\":\"Repair Cafe Budapest\",\"url\":\"https:\\\/\\\/repaircafebudapest.hu\\\/\",\"logo\":{\"@type\":\"ImageObject\",\"inLanguage\":\"en-GB\",\"@id\":\"https:\\\/\\\/repaircafebudapest.hu\\\/#\\\/schema\\\/logo\\\/image\\\/\",\"url\":\"https:\\\/\\\/repaircafebudapest.hu\\\/wp-content\\\/uploads\\\/2023\\\/11\\\/rcb-logo.webp\",\"contentUrl\":\"https:\\\/\\\/repaircafebudapest.hu\\\/wp-content\\\/uploads\\\/2023\\\/11\\\/rcb-logo.webp\",\"width\":2298,\"height\":1000,\"caption\":\"Repair Cafe Budapest\"},\"image\":{\"@id\":\"https:\\\/\\\/repaircafebudapest.hu\\\/#\\\/schema\\\/logo\\\/image\\\/\"},\"sameAs\":[\"https:\\\/\\\/www.facebook.com\\\/profile.php?id=61552754066692&locale=hu_HU\"]}]}<\/script>\n<!-- \/ Yoast SEO Premium plugin. -->","yoast_head_json":{"title":"Retextil M\u0171hely - Repair Cafe Budapest","robots":{"index":"index","follow":"follow","max-snippet":"max-snippet:-1","max-image-preview":"max-image-preview:large","max-video-preview":"max-video-preview:-1"},"canonical":"https:\/\/repaircafebudapest.hu\/en\/event\/retextil-muhely-2\/","og_locale":"en_GB","og_type":"article","og_title":"Retextil M\u0171hely","og_description":"Retextil technika az otthon keletkez\u0151 ruhafelesleg feldolgoz\u00e1s\u00e1nak egyszer\u0171 m\u00f3dja. Sz\u00fcks\u00e9g\u00fcnk van legal\u00e1bb egy j\u00f3 oll\u00f3ra \u00e9s a feldolgozand\u00f3 ruh\u00e1ra. Ha megsodorjuk a ruh\u00e1b\u00f3l v\u00e1gott sz\u00e1lat er\u0151s, vastag fonalat kapunk. A klasszikus textiltechnik\u00e1k (horgol\u00e1st\u00f3l a hurkol\u00e1sig) alkalmazhat\u00f3ak retextil sz\u00e1lra. Igyeksz\u00fcnk minden anyagot marad\u00e9ktalanul \u00e9s a legmegfelel\u0151bb m\u00f3don felhaszn\u00e1lni.","og_url":"https:\/\/repaircafebudapest.hu\/en\/event\/retextil-muhely-2\/","og_site_name":"Repair Cafe Budapest","article_publisher":"https:\/\/www.facebook.com\/profile.php?id=61552754066692&locale=hu_HU","article_modified_time":"2024-10-06T21:13:13+00:00","og_image":[{"width":1500,"height":1000,"url":"https:\/\/repaircafebudapest.hu\/wp-content\/uploads\/2024\/10\/461855303_10234342644334622_7399813114725325589_n.jpg","type":"image\/jpeg"}],"twitter_card":"summary_large_image","twitter_misc":{"Estimated reading time":"1 minute"},"schema":{"@context":"https:\/\/schema.org","@graph":[{"@type":"WebPage","@id":"https:\/\/repaircafebudapest.hu\/event\/retextil-muhely-2\/","url":"https:\/\/repaircafebudapest.hu\/event\/retextil-muhely-2\/","name":"Retextil M\u0171hely - Repair Cafe Budapest","isPartOf":{"@id":"https:\/\/repaircafebudapest.hu\/#website"},"primaryImageOfPage":{"@id":"https:\/\/repaircafebudapest.hu\/event\/retextil-muhely-2\/#primaryimage"},"image":{"@id":"https:\/\/repaircafebudapest.hu\/event\/retextil-muhely-2\/#primaryimage"},"thumbnailUrl":"https:\/\/repaircafebudapest.hu\/wp-content\/uploads\/2024\/10\/461855303_10234342644334622_7399813114725325589_n.jpg","datePublished":"2024-10-06T21:11:08+00:00","dateModified":"2024-10-06T21:13:13+00:00","breadcrumb":{"@id":"https:\/\/repaircafebudapest.hu\/event\/retextil-muhely-2\/#breadcrumb"},"inLanguage":"en-GB","potentialAction":[{"@type":"ReadAction","target":["https:\/\/repaircafebudapest.hu\/event\/retextil-muhely-2\/"]}]},{"@type":"ImageObject","inLanguage":"en-GB","@id":"https:\/\/repaircafebudapest.hu\/event\/retextil-muhely-2\/#primaryimage","url":"https:\/\/repaircafebudapest.hu\/wp-content\/uploads\/2024\/10\/461855303_10234342644334622_7399813114725325589_n.jpg","contentUrl":"https:\/\/repaircafebudapest.hu\/wp-content\/uploads\/2024\/10\/461855303_10234342644334622_7399813114725325589_n.jpg","width":1500,"height":1000,"caption":"Retextil m\u0171hely"},{"@type":"BreadcrumbList","@id":"https:\/\/repaircafebudapest.hu\/event\/retextil-muhely-2\/#breadcrumb","itemListElement":[{"@type":"ListItem","position":1,"name":"Kezd\u0151lap","item":"https:\/\/repaircafebudapest.hu\/"},{"@type":"ListItem","position":2,"name":"Retextil M\u0171hely"}]},{"@type":"WebSite","@id":"https:\/\/repaircafebudapest.hu\/#website","url":"https:\/\/repaircafebudapest.hu\/","name":"Repair Cafe Budapest","description":"Repair Cafe Budapest","publisher":{"@id":"https:\/\/repaircafebudapest.hu\/#organization"},"potentialAction":[{"@type":"SearchAction","target":{"@type":"EntryPoint","urlTemplate":"https:\/\/repaircafebudapest.hu\/?s={search_term_string}"},"query-input":{"@type":"PropertyValueSpecification","valueRequired":true,"valueName":"search_term_string"}}],"inLanguage":"en-GB"},{"@type":"Organization","@id":"https:\/\/repaircafebudapest.hu\/#organization","name":"Repair Cafe Budapest","url":"https:\/\/repaircafebudapest.hu\/","logo":{"@type":"ImageObject","inLanguage":"en-GB","@id":"https:\/\/repaircafebudapest.hu\/#\/schema\/logo\/image\/","url":"https:\/\/repaircafebudapest.hu\/wp-content\/uploads\/2023\/11\/rcb-logo.webp","contentUrl":"https:\/\/repaircafebudapest.hu\/wp-content\/uploads\/2023\/11\/rcb-logo.webp","width":2298,"height":1000,"caption":"Repair Cafe Budapest"},"image":{"@id":"https:\/\/repaircafebudapest.hu\/#\/schema\/logo\/image\/"},"sameAs":["https:\/\/www.facebook.com\/profile.php?id=61552754066692&locale=hu_HU"]}]}},"_links":{"self":[{"href":"https:\/\/repaircafebudapest.hu\/en\/wp-json\/wp\/v2\/event_listing\/938","targetHints":{"allow":["GET"]}}],"collection":[{"href":"https:\/\/repaircafebudapest.hu\/en\/wp-json\/wp\/v2\/event_listing"}],"about":[{"href":"https:\/\/repaircafebudapest.hu\/en\/wp-json\/wp\/v2\/types\/event_listing"}],"wp:featuredmedia":[{"embeddable":true,"href":"https:\/\/repaircafebudapest.hu\/en\/wp-json\/wp\/v2\/media\/939"}],"wp:attachment":[{"href":"https:\/\/repaircafebudapest.hu\/en\/wp-json\/wp\/v2\/media?parent=938"}],"wp:term":[{"taxonomy":"event_listing_category","embeddable":true,"href":"https:\/\/repaircafebudapest.hu\/en\/wp-json\/wp\/v2\/event_listing_category?post=938"},{"taxonomy":"event_listing_type","embeddable":true,"href":"https:\/\/repaircafebudapest.hu\/en\/wp-json\/wp\/v2\/event_listing_type?post=938"}],"curies":[{"name":"wp","href":"https:\/\/api.w.org\/{rel}","templated":true}]}}

Retextil Műhely

<p>Retextil technika az otthon keletkező ruhafelesleg feldolgozásának egyszerű módja. Szükségünk van legalább egy jó ollóra és a feldolgozandó ruhára. Ha megsodorjuk a ruhából vágott szálat erős, vastag fonalat kapunk. A klasszikus textiltechnikák (horgolástól a hurkolásig) alkalmazhatóak retextil szálra. Igyekszünk minden anyagot maradéktalanul és a legmegfelelőbb módon felhasználni.</p>

<!-- This site is optimized with the Yoast SEO Premium plugin v27.4 (Yoast SEO v27.4) - https://yoast.com/product/yoast-seo-premium-wordpress/ -->
<title>Retextil Műhely - Repair Cafe Budapest</title>
<meta name="robots" content="index, follow, max-snippet:-1, max-image-preview:large, max-video-preview:-1" />
<link rel="canonical" href="https://repaircafebudapest.hu/en/event/retextil-muhely-2/" />
<meta property="og:locale" content="en_GB" />
<meta property="og:type" content="article" />
<meta property="og:title" content="Retextil Műhely" />
<meta property="og:description" content="Retextil technika az otthon keletkező ruhafelesleg feldolgozásának egyszerű módja. Szükségünk van legalább egy jó ollóra és a feldolgozandó ruhára. Ha megsodorjuk a ruhából vágott szálat erős, vastag fonalat kapunk. A klasszikus textiltechnikák (horgolástól a hurkolásig) alkalmazhatóak retextil szálra. Igyekszünk minden anyagot maradéktalanul és a legmegfelelőbb módon felhasználni." />
<meta property="og:url" content="https://repaircafebudapest.hu/en/event/retextil-muhely-2/" />
<meta property="og:site_name" content="Repair Cafe Budapest" />
<meta property="article:publisher" content="https://www.facebook.com/profile.php?id=61552754066692&amp;locale=hu_HU" />
<meta property="article:modified_time" content="2024-10-06T21:13:13+00:00" />
<meta property="og:image" content="https://repaircafebudapest.hu/wp-content/uploads/2024/10/461855303_10234342644334622_7399813114725325589_n.jpg" />
	<meta property="og:image:width" content="1500" />
	<meta property="og:image:height" content="1000" />
	<meta property="og:image:type" content="image/jpeg" />
<meta name="twitter:card" content="summary_large_image" />
<meta name="twitter:label1" content="Estimated reading time" />
	<meta name="twitter:data1" content="1 minute" />
<script type="application/ld+json" class="yoast-schema-graph">{"@context":"https:\/\/schema.org","@graph":[{"@type":"WebPage","@id":"https:\/\/repaircafebudapest.hu\/event\/retextil-muhely-2\/","url":"https:\/\/repaircafebudapest.hu\/event\/retextil-muhely-2\/","name":"Retextil Műhely - Repair Cafe Budapest","isPartOf":{"@id":"https:\/\/repaircafebudapest.hu\/#website"},"primaryImageOfPage":{"@id":"https:\/\/repaircafebudapest.hu\/event\/retextil-muhely-2\/#primaryimage"},"image":{"@id":"https:\/\/repaircafebudapest.hu\/event\/retextil-muhely-2\/#primaryimage"},"thumbnailUrl":"https:\/\/repaircafebudapest.hu\/wp-content\/uploads\/2024\/10\/461855303_10234342644334622_7399813114725325589_n.jpg","datePublished":"2024-10-06T21:11:08+00:00","dateModified":"2024-10-06T21:13:13+00:00","breadcrumb":{"@id":"https:\/\/repaircafebudapest.hu\/event\/retextil-muhely-2\/#breadcrumb"},"inLanguage":"en-GB","potentialAction":[{"@type":"ReadAction","target":["https:\/\/repaircafebudapest.hu\/event\/retextil-muhely-2\/"]}]},{"@type":"ImageObject","inLanguage":"en-GB","@id":"https:\/\/repaircafebudapest.hu\/event\/retextil-muhely-2\/#primaryimage","url":"https:\/\/repaircafebudapest.hu\/wp-content\/uploads\/2024\/10\/461855303_10234342644334622_7399813114725325589_n.jpg","contentUrl":"https:\/\/repaircafebudapest.hu\/wp-content\/uploads\/2024\/10\/461855303_10234342644334622_7399813114725325589_n.jpg","width":1500,"height":1000,"caption":"Retextil műhely"},{"@type":"BreadcrumbList","@id":"https:\/\/repaircafebudapest.hu\/event\/retextil-muhely-2\/#breadcrumb","itemListElement":[{"@type":"ListItem","position":1,"name":"Kezdőlap","item":"https:\/\/repaircafebudapest.hu\/"},{"@type":"ListItem","position":2,"name":"Retextil Műhely"}]},{"@type":"WebSite","@id":"https:\/\/repaircafebudapest.hu\/#website","url":"https:\/\/repaircafebudapest.hu\/","name":"Repair Cafe Budapest","description":"Repair Cafe Budapest","publisher":{"@id":"https:\/\/repaircafebudapest.hu\/#organization"},"potentialAction":[{"@type":"SearchAction","target":{"@type":"EntryPoint","urlTemplate":"https:\/\/repaircafebudapest.hu\/?s={search_term_string}"},"query-input":{"@type":"PropertyValueSpecification","valueRequired":true,"valueName":"search_term_string"}}],"inLanguage":"en-GB"},{"@type":"Organization","@id":"https:\/\/repaircafebudapest.hu\/#organization","name":"Repair Cafe Budapest","url":"https:\/\/repaircafebudapest.hu\/","logo":{"@type":"ImageObject","inLanguage":"en-GB","@id":"https:\/\/repaircafebudapest.hu\/#\/schema\/logo\/image\/","url":"https:\/\/repaircafebudapest.hu\/wp-content\/uploads\/2023\/11\/rcb-logo.webp","contentUrl":"https:\/\/repaircafebudapest.hu\/wp-content\/uploads\/2023\/11\/rcb-logo.webp","width":2298,"height":1000,"caption":"Repair Cafe Budapest"},"image":{"@id":"https:\/\/repaircafebudapest.hu\/#\/schema\/logo\/image\/"},"sameAs":["https:\/\/www.facebook.com\/profile.php?id=61552754066692&locale=hu_HU"]}]}</script>
<!-- / Yoast SEO Premium plugin. -->

Retextil Műhely - Repair Cafe Budapest

Retextil technika az otthon keletkező ruhafelesleg feldolgozásának egyszerű módja. Szükségünk van legalább egy jó ollóra és a feldolgozandó ruhára. Ha megsodorjuk a ruhából vágott szálat erős, vastag fonalat kapunk. A klasszikus textiltechnikák (horgolástól a hurkolásig) alkalmazhatóak retextil szálra. Igyekszünk minden anyagot maradéktalanul és a legmegfelelőbb módon felhasználni.

Retextil műhely

Kezdőlap
