{"id":827,"date":"2024-05-04T21:50:55","date_gmt":"2024-05-04T20:50:55","guid":{"rendered":"https:\/\/repaircafebudapest.hu\/?post_type=event_listing&#038;p=827"},"modified":"2024-05-12T00:20:18","modified_gmt":"2024-05-11T23:20:18","slug":"textil-muhely","status":"expired","type":"event_listing","link":"https:\/\/repaircafebudapest.hu\/en\/event\/textil-muhely\/","title":{"rendered":"Textil M\u0171hely"},"content":{"rendered":"<p>Ha van kedved megtanulni, hogy \u201chogy lesz a lyukas zoknib\u00f3l labda, vagy sz\u0151nyeg\u201d, mert van kedved gondoskodni a saj\u00e1t elhaszn\u00e1lt ruh\u00e1idr\u00f3l, akkor itt a megfelel\u0151 alkalom. Ha adom\u00e1nnyal kedved lenne t\u00e1mogatni a tev\u00e9kenys\u00e9get \u00e9s a befogad\u00f3 teret, lesz r\u00e0 m\u00f3d. Oll\u00f3t, saj\u00e1t ruh\u00e1t \u00e9r hozni, s\u0151t ildomos. Egy nagyobbacska horgol\u00f3t\u0171 is j\u00f3l j\u00f6het. Sz\u00edvesen veszem, ha a r\u00e9szv\u00e9teli sz\u00e1nd\u00e9k itt megjelenik<\/p>","protected":false},"featured_media":828,"template":"","meta":{"_acf_changed":false},"event_listing_category":[],"event_listing_type":[],"class_list":["post-827","event_listing","type-event_listing","status-expired","has-post-thumbnail","hentry"],"acf":[],"yoast_head":"<!-- This site is optimized with the Yoast SEO Premium plugin v27.4 (Yoast SEO v27.4) - https:\/\/yoast.com\/product\/yoast-seo-premium-wordpress\/ -->\n<title>Textil M\u0171hely - Repair Cafe Budapest<\/title>\n<meta name=\"robots\" content=\"index, follow, max-snippet:-1, max-image-preview:large, max-video-preview:-1\" \/>\n<link rel=\"canonical\" href=\"https:\/\/repaircafebudapest.hu\/en\/event\/textil-muhely\/\" \/>\n<meta property=\"og:locale\" content=\"en_GB\" \/>\n<meta property=\"og:type\" content=\"article\" \/>\n<meta property=\"og:title\" content=\"Textil M\u0171hely\" \/>\n<meta property=\"og:description\" content=\"Ha van kedved megtanulni, hogy \u201chogy lesz a lyukas zoknib\u00f3l labda, vagy sz\u0151nyeg\u201d, mert van kedved gondoskodni a saj\u00e1t elhaszn\u00e1lt ruh\u00e1idr\u00f3l, akkor itt a megfelel\u0151 alkalom. Ha adom\u00e1nnyal kedved lenne t\u00e1mogatni a tev\u00e9kenys\u00e9get \u00e9s a befogad\u00f3 teret, lesz r\u00e0 m\u00f3d. Oll\u00f3t, saj\u00e1t ruh\u00e1t \u00e9r hozni, s\u0151t ildomos. Egy nagyobbacska horgol\u00f3t\u0171 is j\u00f3l j\u00f6het. Sz\u00edvesen veszem, [&hellip;]\" \/>\n<meta property=\"og:url\" content=\"https:\/\/repaircafebudapest.hu\/en\/event\/textil-muhely\/\" \/>\n<meta property=\"og:site_name\" content=\"Repair Cafe Budapest\" \/>\n<meta property=\"article:publisher\" content=\"https:\/\/www.facebook.com\/profile.php?id=61552754066692&amp;locale=hu_HU\" \/>\n<meta property=\"article:modified_time\" content=\"2024-05-11T23:20:18+00:00\" \/>\n<meta property=\"og:image\" content=\"https:\/\/repaircafebudapest.hu\/wp-content\/uploads\/2024\/05\/440804955_10232879304512041_6122713989383804536_n-1.jpg\" \/>\n\t<meta property=\"og:image:width\" content=\"1536\" \/>\n\t<meta property=\"og:image:height\" content=\"1064\" \/>\n\t<meta property=\"og:image:type\" content=\"image\/jpeg\" \/>\n<meta name=\"twitter:card\" content=\"summary_large_image\" \/>\n<meta name=\"twitter:label1\" content=\"Estimated reading time\" \/>\n\t<meta name=\"twitter:data1\" content=\"1 minute\" \/>\n<script type=\"application\/ld+json\" class=\"yoast-schema-graph\">{\"@context\":\"https:\\\/\\\/schema.org\",\"@graph\":[{\"@type\":\"WebPage\",\"@id\":\"https:\\\/\\\/repaircafebudapest.hu\\\/event\\\/textil-muhely\\\/\",\"url\":\"https:\\\/\\\/repaircafebudapest.hu\\\/event\\\/textil-muhely\\\/\",\"name\":\"Textil M\u0171hely - Repair Cafe Budapest\",\"isPartOf\":{\"@id\":\"https:\\\/\\\/repaircafebudapest.hu\\\/#website\"},\"primaryImageOfPage\":{\"@id\":\"https:\\\/\\\/repaircafebudapest.hu\\\/event\\\/textil-muhely\\\/#primaryimage\"},\"image\":{\"@id\":\"https:\\\/\\\/repaircafebudapest.hu\\\/event\\\/textil-muhely\\\/#primaryimage\"},\"thumbnailUrl\":\"https:\\\/\\\/repaircafebudapest.hu\\\/wp-content\\\/uploads\\\/2024\\\/05\\\/440804955_10232879304512041_6122713989383804536_n-1.jpg\",\"datePublished\":\"2024-05-04T20:50:55+00:00\",\"dateModified\":\"2024-05-11T23:20:18+00:00\",\"breadcrumb\":{\"@id\":\"https:\\\/\\\/repaircafebudapest.hu\\\/event\\\/textil-muhely\\\/#breadcrumb\"},\"inLanguage\":\"en-GB\",\"potentialAction\":[{\"@type\":\"ReadAction\",\"target\":[\"https:\\\/\\\/repaircafebudapest.hu\\\/event\\\/textil-muhely\\\/\"]}]},{\"@type\":\"ImageObject\",\"inLanguage\":\"en-GB\",\"@id\":\"https:\\\/\\\/repaircafebudapest.hu\\\/event\\\/textil-muhely\\\/#primaryimage\",\"url\":\"https:\\\/\\\/repaircafebudapest.hu\\\/wp-content\\\/uploads\\\/2024\\\/05\\\/440804955_10232879304512041_6122713989383804536_n-1.jpg\",\"contentUrl\":\"https:\\\/\\\/repaircafebudapest.hu\\\/wp-content\\\/uploads\\\/2024\\\/05\\\/440804955_10232879304512041_6122713989383804536_n-1.jpg\",\"width\":1536,\"height\":1064},{\"@type\":\"BreadcrumbList\",\"@id\":\"https:\\\/\\\/repaircafebudapest.hu\\\/event\\\/textil-muhely\\\/#breadcrumb\",\"itemListElement\":[{\"@type\":\"ListItem\",\"position\":1,\"name\":\"Kezd\u0151lap\",\"item\":\"https:\\\/\\\/repaircafebudapest.hu\\\/\"},{\"@type\":\"ListItem\",\"position\":2,\"name\":\"Textil M\u0171hely\"}]},{\"@type\":\"WebSite\",\"@id\":\"https:\\\/\\\/repaircafebudapest.hu\\\/#website\",\"url\":\"https:\\\/\\\/repaircafebudapest.hu\\\/\",\"name\":\"Repair Cafe Budapest\",\"description\":\"Repair Cafe Budapest\",\"publisher\":{\"@id\":\"https:\\\/\\\/repaircafebudapest.hu\\\/#organization\"},\"potentialAction\":[{\"@type\":\"SearchAction\",\"target\":{\"@type\":\"EntryPoint\",\"urlTemplate\":\"https:\\\/\\\/repaircafebudapest.hu\\\/?s={search_term_string}\"},\"query-input\":{\"@type\":\"PropertyValueSpecification\",\"valueRequired\":true,\"valueName\":\"search_term_string\"}}],\"inLanguage\":\"en-GB\"},{\"@type\":\"Organization\",\"@id\":\"https:\\\/\\\/repaircafebudapest.hu\\\/#organization\",\"name\":\"Repair Cafe Budapest\",\"url\":\"https:\\\/\\\/repaircafebudapest.hu\\\/\",\"logo\":{\"@type\":\"ImageObject\",\"inLanguage\":\"en-GB\",\"@id\":\"https:\\\/\\\/repaircafebudapest.hu\\\/#\\\/schema\\\/logo\\\/image\\\/\",\"url\":\"https:\\\/\\\/repaircafebudapest.hu\\\/wp-content\\\/uploads\\\/2023\\\/11\\\/rcb-logo.webp\",\"contentUrl\":\"https:\\\/\\\/repaircafebudapest.hu\\\/wp-content\\\/uploads\\\/2023\\\/11\\\/rcb-logo.webp\",\"width\":2298,\"height\":1000,\"caption\":\"Repair Cafe Budapest\"},\"image\":{\"@id\":\"https:\\\/\\\/repaircafebudapest.hu\\\/#\\\/schema\\\/logo\\\/image\\\/\"},\"sameAs\":[\"https:\\\/\\\/www.facebook.com\\\/profile.php?id=61552754066692&locale=hu_HU\"]}]}<\/script>\n<!-- \/ Yoast SEO Premium plugin. -->","yoast_head_json":{"title":"Textil M\u0171hely - Repair Cafe Budapest","robots":{"index":"index","follow":"follow","max-snippet":"max-snippet:-1","max-image-preview":"max-image-preview:large","max-video-preview":"max-video-preview:-1"},"canonical":"https:\/\/repaircafebudapest.hu\/en\/event\/textil-muhely\/","og_locale":"en_GB","og_type":"article","og_title":"Textil M\u0171hely","og_description":"Ha van kedved megtanulni, hogy \u201chogy lesz a lyukas zoknib\u00f3l labda, vagy sz\u0151nyeg\u201d, mert van kedved gondoskodni a saj\u00e1t elhaszn\u00e1lt ruh\u00e1idr\u00f3l, akkor itt a megfelel\u0151 alkalom. Ha adom\u00e1nnyal kedved lenne t\u00e1mogatni a tev\u00e9kenys\u00e9get \u00e9s a befogad\u00f3 teret, lesz r\u00e0 m\u00f3d. Oll\u00f3t, saj\u00e1t ruh\u00e1t \u00e9r hozni, s\u0151t ildomos. Egy nagyobbacska horgol\u00f3t\u0171 is j\u00f3l j\u00f6het. Sz\u00edvesen veszem, [&hellip;]","og_url":"https:\/\/repaircafebudapest.hu\/en\/event\/textil-muhely\/","og_site_name":"Repair Cafe Budapest","article_publisher":"https:\/\/www.facebook.com\/profile.php?id=61552754066692&locale=hu_HU","article_modified_time":"2024-05-11T23:20:18+00:00","og_image":[{"width":1536,"height":1064,"url":"https:\/\/repaircafebudapest.hu\/wp-content\/uploads\/2024\/05\/440804955_10232879304512041_6122713989383804536_n-1.jpg","type":"image\/jpeg"}],"twitter_card":"summary_large_image","twitter_misc":{"Estimated reading time":"1 minute"},"schema":{"@context":"https:\/\/schema.org","@graph":[{"@type":"WebPage","@id":"https:\/\/repaircafebudapest.hu\/event\/textil-muhely\/","url":"https:\/\/repaircafebudapest.hu\/event\/textil-muhely\/","name":"Textil M\u0171hely - Repair Cafe Budapest","isPartOf":{"@id":"https:\/\/repaircafebudapest.hu\/#website"},"primaryImageOfPage":{"@id":"https:\/\/repaircafebudapest.hu\/event\/textil-muhely\/#primaryimage"},"image":{"@id":"https:\/\/repaircafebudapest.hu\/event\/textil-muhely\/#primaryimage"},"thumbnailUrl":"https:\/\/repaircafebudapest.hu\/wp-content\/uploads\/2024\/05\/440804955_10232879304512041_6122713989383804536_n-1.jpg","datePublished":"2024-05-04T20:50:55+00:00","dateModified":"2024-05-11T23:20:18+00:00","breadcrumb":{"@id":"https:\/\/repaircafebudapest.hu\/event\/textil-muhely\/#breadcrumb"},"inLanguage":"en-GB","potentialAction":[{"@type":"ReadAction","target":["https:\/\/repaircafebudapest.hu\/event\/textil-muhely\/"]}]},{"@type":"ImageObject","inLanguage":"en-GB","@id":"https:\/\/repaircafebudapest.hu\/event\/textil-muhely\/#primaryimage","url":"https:\/\/repaircafebudapest.hu\/wp-content\/uploads\/2024\/05\/440804955_10232879304512041_6122713989383804536_n-1.jpg","contentUrl":"https:\/\/repaircafebudapest.hu\/wp-content\/uploads\/2024\/05\/440804955_10232879304512041_6122713989383804536_n-1.jpg","width":1536,"height":1064},{"@type":"BreadcrumbList","@id":"https:\/\/repaircafebudapest.hu\/event\/textil-muhely\/#breadcrumb","itemListElement":[{"@type":"ListItem","position":1,"name":"Kezd\u0151lap","item":"https:\/\/repaircafebudapest.hu\/"},{"@type":"ListItem","position":2,"name":"Textil M\u0171hely"}]},{"@type":"WebSite","@id":"https:\/\/repaircafebudapest.hu\/#website","url":"https:\/\/repaircafebudapest.hu\/","name":"Repair Cafe Budapest","description":"Repair Cafe Budapest","publisher":{"@id":"https:\/\/repaircafebudapest.hu\/#organization"},"potentialAction":[{"@type":"SearchAction","target":{"@type":"EntryPoint","urlTemplate":"https:\/\/repaircafebudapest.hu\/?s={search_term_string}"},"query-input":{"@type":"PropertyValueSpecification","valueRequired":true,"valueName":"search_term_string"}}],"inLanguage":"en-GB"},{"@type":"Organization","@id":"https:\/\/repaircafebudapest.hu\/#organization","name":"Repair Cafe Budapest","url":"https:\/\/repaircafebudapest.hu\/","logo":{"@type":"ImageObject","inLanguage":"en-GB","@id":"https:\/\/repaircafebudapest.hu\/#\/schema\/logo\/image\/","url":"https:\/\/repaircafebudapest.hu\/wp-content\/uploads\/2023\/11\/rcb-logo.webp","contentUrl":"https:\/\/repaircafebudapest.hu\/wp-content\/uploads\/2023\/11\/rcb-logo.webp","width":2298,"height":1000,"caption":"Repair Cafe Budapest"},"image":{"@id":"https:\/\/repaircafebudapest.hu\/#\/schema\/logo\/image\/"},"sameAs":["https:\/\/www.facebook.com\/profile.php?id=61552754066692&locale=hu_HU"]}]}},"_links":{"self":[{"href":"https:\/\/repaircafebudapest.hu\/en\/wp-json\/wp\/v2\/event_listing\/827","targetHints":{"allow":["GET"]}}],"collection":[{"href":"https:\/\/repaircafebudapest.hu\/en\/wp-json\/wp\/v2\/event_listing"}],"about":[{"href":"https:\/\/repaircafebudapest.hu\/en\/wp-json\/wp\/v2\/types\/event_listing"}],"wp:featuredmedia":[{"embeddable":true,"href":"https:\/\/repaircafebudapest.hu\/en\/wp-json\/wp\/v2\/media\/828"}],"wp:attachment":[{"href":"https:\/\/repaircafebudapest.hu\/en\/wp-json\/wp\/v2\/media?parent=827"}],"wp:term":[{"taxonomy":"event_listing_category","embeddable":true,"href":"https:\/\/repaircafebudapest.hu\/en\/wp-json\/wp\/v2\/event_listing_category?post=827"},{"taxonomy":"event_listing_type","embeddable":true,"href":"https:\/\/repaircafebudapest.hu\/en\/wp-json\/wp\/v2\/event_listing_type?post=827"}],"curies":[{"name":"wp","href":"https:\/\/api.w.org\/{rel}","templated":true}]}}

Textil Műhely

<p>Ha van kedved megtanulni, hogy “hogy lesz a lyukas zokniból labda, vagy szőnyeg”, mert van kedved gondoskodni a saját elhasznált ruháidról, akkor itt a megfelelő alkalom. Ha adománnyal kedved lenne támogatni a tevékenységet és a befogadó teret, lesz rà mód. Ollót, saját ruhát ér hozni, sőt ildomos. Egy nagyobbacska horgolótű is jól jöhet. Szívesen veszem, ha a részvételi szándék itt megjelenik</p>

<!-- This site is optimized with the Yoast SEO Premium plugin v27.4 (Yoast SEO v27.4) - https://yoast.com/product/yoast-seo-premium-wordpress/ -->
<title>Textil Műhely - Repair Cafe Budapest</title>
<meta name="robots" content="index, follow, max-snippet:-1, max-image-preview:large, max-video-preview:-1" />
<link rel="canonical" href="https://repaircafebudapest.hu/en/event/textil-muhely/" />
<meta property="og:locale" content="en_GB" />
<meta property="og:type" content="article" />
<meta property="og:title" content="Textil Műhely" />
<meta property="og:description" content="Ha van kedved megtanulni, hogy “hogy lesz a lyukas zokniból labda, vagy szőnyeg”, mert van kedved gondoskodni a saját elhasznált ruháidról, akkor itt a megfelelő alkalom. Ha adománnyal kedved lenne támogatni a tevékenységet és a befogadó teret, lesz rà mód. Ollót, saját ruhát ér hozni, sőt ildomos. Egy nagyobbacska horgolótű is jól jöhet. Szívesen veszem, [&hellip;]" />
<meta property="og:url" content="https://repaircafebudapest.hu/en/event/textil-muhely/" />
<meta property="og:site_name" content="Repair Cafe Budapest" />
<meta property="article:publisher" content="https://www.facebook.com/profile.php?id=61552754066692&amp;locale=hu_HU" />
<meta property="article:modified_time" content="2024-05-11T23:20:18+00:00" />
<meta property="og:image" content="https://repaircafebudapest.hu/wp-content/uploads/2024/05/440804955_10232879304512041_6122713989383804536_n-1.jpg" />
	<meta property="og:image:width" content="1536" />
	<meta property="og:image:height" content="1064" />
	<meta property="og:image:type" content="image/jpeg" />
<meta name="twitter:card" content="summary_large_image" />
<meta name="twitter:label1" content="Estimated reading time" />
	<meta name="twitter:data1" content="1 minute" />
<script type="application/ld+json" class="yoast-schema-graph">{"@context":"https:\/\/schema.org","@graph":[{"@type":"WebPage","@id":"https:\/\/repaircafebudapest.hu\/event\/textil-muhely\/","url":"https:\/\/repaircafebudapest.hu\/event\/textil-muhely\/","name":"Textil Műhely - Repair Cafe Budapest","isPartOf":{"@id":"https:\/\/repaircafebudapest.hu\/#website"},"primaryImageOfPage":{"@id":"https:\/\/repaircafebudapest.hu\/event\/textil-muhely\/#primaryimage"},"image":{"@id":"https:\/\/repaircafebudapest.hu\/event\/textil-muhely\/#primaryimage"},"thumbnailUrl":"https:\/\/repaircafebudapest.hu\/wp-content\/uploads\/2024\/05\/440804955_10232879304512041_6122713989383804536_n-1.jpg","datePublished":"2024-05-04T20:50:55+00:00","dateModified":"2024-05-11T23:20:18+00:00","breadcrumb":{"@id":"https:\/\/repaircafebudapest.hu\/event\/textil-muhely\/#breadcrumb"},"inLanguage":"en-GB","potentialAction":[{"@type":"ReadAction","target":["https:\/\/repaircafebudapest.hu\/event\/textil-muhely\/"]}]},{"@type":"ImageObject","inLanguage":"en-GB","@id":"https:\/\/repaircafebudapest.hu\/event\/textil-muhely\/#primaryimage","url":"https:\/\/repaircafebudapest.hu\/wp-content\/uploads\/2024\/05\/440804955_10232879304512041_6122713989383804536_n-1.jpg","contentUrl":"https:\/\/repaircafebudapest.hu\/wp-content\/uploads\/2024\/05\/440804955_10232879304512041_6122713989383804536_n-1.jpg","width":1536,"height":1064},{"@type":"BreadcrumbList","@id":"https:\/\/repaircafebudapest.hu\/event\/textil-muhely\/#breadcrumb","itemListElement":[{"@type":"ListItem","position":1,"name":"Kezdőlap","item":"https:\/\/repaircafebudapest.hu\/"},{"@type":"ListItem","position":2,"name":"Textil Műhely"}]},{"@type":"WebSite","@id":"https:\/\/repaircafebudapest.hu\/#website","url":"https:\/\/repaircafebudapest.hu\/","name":"Repair Cafe Budapest","description":"Repair Cafe Budapest","publisher":{"@id":"https:\/\/repaircafebudapest.hu\/#organization"},"potentialAction":[{"@type":"SearchAction","target":{"@type":"EntryPoint","urlTemplate":"https:\/\/repaircafebudapest.hu\/?s={search_term_string}"},"query-input":{"@type":"PropertyValueSpecification","valueRequired":true,"valueName":"search_term_string"}}],"inLanguage":"en-GB"},{"@type":"Organization","@id":"https:\/\/repaircafebudapest.hu\/#organization","name":"Repair Cafe Budapest","url":"https:\/\/repaircafebudapest.hu\/","logo":{"@type":"ImageObject","inLanguage":"en-GB","@id":"https:\/\/repaircafebudapest.hu\/#\/schema\/logo\/image\/","url":"https:\/\/repaircafebudapest.hu\/wp-content\/uploads\/2023\/11\/rcb-logo.webp","contentUrl":"https:\/\/repaircafebudapest.hu\/wp-content\/uploads\/2023\/11\/rcb-logo.webp","width":2298,"height":1000,"caption":"Repair Cafe Budapest"},"image":{"@id":"https:\/\/repaircafebudapest.hu\/#\/schema\/logo\/image\/"},"sameAs":["https:\/\/www.facebook.com\/profile.php?id=61552754066692&locale=hu_HU"]}]}</script>
<!-- / Yoast SEO Premium plugin. -->

Textil Műhely - Repair Cafe Budapest

Ha van kedved megtanulni, hogy “hogy lesz a lyukas zokniból labda, vagy szőnyeg”, mert van kedved gondoskodni a saját elhasznált ruháidról, akkor itt a megfelelő alkalom. Ha adománnyal kedved lenne támogatni a tevékenységet és a befogadó teret, lesz rà mód. Ollót, saját ruhát ér hozni, sőt ildomos. Egy nagyobbacska horgolótű is jól jöhet. Szívesen veszem, [&hellip;]

Kezdőlap
