{"id":809,"date":"2024-03-25T22:13:31","date_gmt":"2024-03-25T21:13:31","guid":{"rendered":"https:\/\/repaircafebudapest.hu\/?post_type=event_listing&#038;p=809"},"modified":"2024-04-23T20:50:50","modified_gmt":"2024-04-23T19:50:50","slug":"a-laptopok-belso-vilaga","status":"expired","type":"event_listing","link":"https:\/\/repaircafebudapest.hu\/en\/event\/a-laptopok-belso-vilaga\/","title":{"rendered":"A laptopok bels\u0151 vil\u00e1ga"},"content":{"rendered":"<p>Minden, amit tudni szerett\u00e9l volna a laptopodr\u00f3l, de m\u00e9g nem merted megk\u00e9rdezni, avagy a laptopok bels\u0151 vil\u00e1ga.<\/p>\n<p>Mindenk\u00e9pp ketten gyertek: te \u00e9s a laptopod, mert ez p\u00e1rter\u00e1pia lesz, <strong>Rozgonyi G\u00e1bor<\/strong> vezet\u00e9s\u00e9vel.<br \/>\n<span style=\"text-decoration: underline;\">Tan\u00e1csad\u00e1s, v\u00edruskeres\u00e9s, friss\u00edt\u00e9s, ment\u00e9sk\u00e9sz\u00edt\u00e9s<\/span>. Amire csak sz\u00fcks\u00e9getek lehet a kapcsolatotok meg\u00faj\u00edt\u00e1sa szempontj\u00e1b\u00f3l.<\/p>\n<p>Az esem\u00e9ny a terapeuta felaj\u00e1nl\u00e1sa seg\u00edt\u0151 sz\u00e1nd\u00e9kkal, ez\u00e1ltal ingyenes.<\/p>","protected":false},"featured_media":810,"template":"","meta":{"_acf_changed":false},"event_listing_category":[],"event_listing_type":[],"class_list":["post-809","event_listing","type-event_listing","status-expired","has-post-thumbnail","hentry"],"acf":[],"yoast_head":"<!-- This site is optimized with the Yoast SEO Premium plugin v27.4 (Yoast SEO v27.4) - https:\/\/yoast.com\/product\/yoast-seo-premium-wordpress\/ -->\n<title>A laptopok bels\u0151 vil\u00e1ga - Repair Cafe Budapest<\/title>\n<meta name=\"robots\" content=\"index, follow, max-snippet:-1, max-image-preview:large, max-video-preview:-1\" \/>\n<link rel=\"canonical\" href=\"https:\/\/repaircafebudapest.hu\/en\/event\/a-laptopok-belso-vilaga\/\" \/>\n<meta property=\"og:locale\" content=\"en_GB\" \/>\n<meta property=\"og:type\" content=\"article\" \/>\n<meta property=\"og:title\" content=\"A laptopok bels\u0151 vil\u00e1ga\" \/>\n<meta property=\"og:description\" content=\"Minden, amit tudni szerett\u00e9l volna a laptopodr\u00f3l, de m\u00e9g nem merted megk\u00e9rdezni, avagy a laptopok bels\u0151 vil\u00e1ga. Mindenk\u00e9pp ketten gyertek: te \u00e9s a laptopod, mert ez p\u00e1rter\u00e1pia lesz, Rozgonyi G\u00e1bor vezet\u00e9s\u00e9vel. Tan\u00e1csad\u00e1s, v\u00edruskeres\u00e9s, friss\u00edt\u00e9s, ment\u00e9sk\u00e9sz\u00edt\u00e9s. Amire csak sz\u00fcks\u00e9getek lehet a kapcsolatotok meg\u00faj\u00edt\u00e1sa szempontj\u00e1b\u00f3l. Az esem\u00e9ny a terapeuta felaj\u00e1nl\u00e1sa seg\u00edt\u0151 sz\u00e1nd\u00e9kkal, ez\u00e1ltal ingyenes.\" \/>\n<meta property=\"og:url\" content=\"https:\/\/repaircafebudapest.hu\/en\/event\/a-laptopok-belso-vilaga\/\" \/>\n<meta property=\"og:site_name\" content=\"Repair Cafe Budapest\" \/>\n<meta property=\"article:publisher\" content=\"https:\/\/www.facebook.com\/profile.php?id=61552754066692&amp;locale=hu_HU\" \/>\n<meta property=\"article:modified_time\" content=\"2024-04-23T19:50:50+00:00\" \/>\n<meta property=\"og:image\" content=\"https:\/\/repaircafebudapest.hu\/wp-content\/uploads\/2024\/03\/418834179_122141060444091802_3295227450612817970_n.webp\" \/>\n\t<meta property=\"og:image:width\" content=\"768\" \/>\n\t<meta property=\"og:image:height\" content=\"402\" \/>\n\t<meta property=\"og:image:type\" content=\"image\/webp\" \/>\n<meta name=\"twitter:card\" content=\"summary_large_image\" \/>\n<meta name=\"twitter:label1\" content=\"Estimated reading time\" \/>\n\t<meta name=\"twitter:data1\" content=\"1 minute\" \/>\n<script type=\"application\/ld+json\" class=\"yoast-schema-graph\">{\"@context\":\"https:\\\/\\\/schema.org\",\"@graph\":[{\"@type\":\"WebPage\",\"@id\":\"https:\\\/\\\/repaircafebudapest.hu\\\/event\\\/a-laptopok-belso-vilaga\\\/\",\"url\":\"https:\\\/\\\/repaircafebudapest.hu\\\/event\\\/a-laptopok-belso-vilaga\\\/\",\"name\":\"A laptopok bels\u0151 vil\u00e1ga - Repair Cafe Budapest\",\"isPartOf\":{\"@id\":\"https:\\\/\\\/repaircafebudapest.hu\\\/#website\"},\"primaryImageOfPage\":{\"@id\":\"https:\\\/\\\/repaircafebudapest.hu\\\/event\\\/a-laptopok-belso-vilaga\\\/#primaryimage\"},\"image\":{\"@id\":\"https:\\\/\\\/repaircafebudapest.hu\\\/event\\\/a-laptopok-belso-vilaga\\\/#primaryimage\"},\"thumbnailUrl\":\"https:\\\/\\\/repaircafebudapest.hu\\\/wp-content\\\/uploads\\\/2024\\\/03\\\/418834179_122141060444091802_3295227450612817970_n.webp\",\"datePublished\":\"2024-03-25T21:13:31+00:00\",\"dateModified\":\"2024-04-23T19:50:50+00:00\",\"breadcrumb\":{\"@id\":\"https:\\\/\\\/repaircafebudapest.hu\\\/event\\\/a-laptopok-belso-vilaga\\\/#breadcrumb\"},\"inLanguage\":\"en-GB\",\"potentialAction\":[{\"@type\":\"ReadAction\",\"target\":[\"https:\\\/\\\/repaircafebudapest.hu\\\/event\\\/a-laptopok-belso-vilaga\\\/\"]}]},{\"@type\":\"ImageObject\",\"inLanguage\":\"en-GB\",\"@id\":\"https:\\\/\\\/repaircafebudapest.hu\\\/event\\\/a-laptopok-belso-vilaga\\\/#primaryimage\",\"url\":\"https:\\\/\\\/repaircafebudapest.hu\\\/wp-content\\\/uploads\\\/2024\\\/03\\\/418834179_122141060444091802_3295227450612817970_n.webp\",\"contentUrl\":\"https:\\\/\\\/repaircafebudapest.hu\\\/wp-content\\\/uploads\\\/2024\\\/03\\\/418834179_122141060444091802_3295227450612817970_n.webp\",\"width\":768,\"height\":402,\"caption\":\"A laptopok bels\u0151 vil\u00e1ga\"},{\"@type\":\"BreadcrumbList\",\"@id\":\"https:\\\/\\\/repaircafebudapest.hu\\\/event\\\/a-laptopok-belso-vilaga\\\/#breadcrumb\",\"itemListElement\":[{\"@type\":\"ListItem\",\"position\":1,\"name\":\"Kezd\u0151lap\",\"item\":\"https:\\\/\\\/repaircafebudapest.hu\\\/\"},{\"@type\":\"ListItem\",\"position\":2,\"name\":\"A laptopok bels\u0151 vil\u00e1ga\"}]},{\"@type\":\"WebSite\",\"@id\":\"https:\\\/\\\/repaircafebudapest.hu\\\/#website\",\"url\":\"https:\\\/\\\/repaircafebudapest.hu\\\/\",\"name\":\"Repair Cafe Budapest\",\"description\":\"Repair Cafe Budapest\",\"publisher\":{\"@id\":\"https:\\\/\\\/repaircafebudapest.hu\\\/#organization\"},\"potentialAction\":[{\"@type\":\"SearchAction\",\"target\":{\"@type\":\"EntryPoint\",\"urlTemplate\":\"https:\\\/\\\/repaircafebudapest.hu\\\/?s={search_term_string}\"},\"query-input\":{\"@type\":\"PropertyValueSpecification\",\"valueRequired\":true,\"valueName\":\"search_term_string\"}}],\"inLanguage\":\"en-GB\"},{\"@type\":\"Organization\",\"@id\":\"https:\\\/\\\/repaircafebudapest.hu\\\/#organization\",\"name\":\"Repair Cafe Budapest\",\"url\":\"https:\\\/\\\/repaircafebudapest.hu\\\/\",\"logo\":{\"@type\":\"ImageObject\",\"inLanguage\":\"en-GB\",\"@id\":\"https:\\\/\\\/repaircafebudapest.hu\\\/#\\\/schema\\\/logo\\\/image\\\/\",\"url\":\"https:\\\/\\\/repaircafebudapest.hu\\\/wp-content\\\/uploads\\\/2023\\\/11\\\/rcb-logo.webp\",\"contentUrl\":\"https:\\\/\\\/repaircafebudapest.hu\\\/wp-content\\\/uploads\\\/2023\\\/11\\\/rcb-logo.webp\",\"width\":2298,\"height\":1000,\"caption\":\"Repair Cafe Budapest\"},\"image\":{\"@id\":\"https:\\\/\\\/repaircafebudapest.hu\\\/#\\\/schema\\\/logo\\\/image\\\/\"},\"sameAs\":[\"https:\\\/\\\/www.facebook.com\\\/profile.php?id=61552754066692&locale=hu_HU\"]}]}<\/script>\n<!-- \/ Yoast SEO Premium plugin. -->","yoast_head_json":{"title":"A laptopok bels\u0151 vil\u00e1ga - Repair Cafe Budapest","robots":{"index":"index","follow":"follow","max-snippet":"max-snippet:-1","max-image-preview":"max-image-preview:large","max-video-preview":"max-video-preview:-1"},"canonical":"https:\/\/repaircafebudapest.hu\/en\/event\/a-laptopok-belso-vilaga\/","og_locale":"en_GB","og_type":"article","og_title":"A laptopok bels\u0151 vil\u00e1ga","og_description":"Minden, amit tudni szerett\u00e9l volna a laptopodr\u00f3l, de m\u00e9g nem merted megk\u00e9rdezni, avagy a laptopok bels\u0151 vil\u00e1ga. Mindenk\u00e9pp ketten gyertek: te \u00e9s a laptopod, mert ez p\u00e1rter\u00e1pia lesz, Rozgonyi G\u00e1bor vezet\u00e9s\u00e9vel. Tan\u00e1csad\u00e1s, v\u00edruskeres\u00e9s, friss\u00edt\u00e9s, ment\u00e9sk\u00e9sz\u00edt\u00e9s. Amire csak sz\u00fcks\u00e9getek lehet a kapcsolatotok meg\u00faj\u00edt\u00e1sa szempontj\u00e1b\u00f3l. Az esem\u00e9ny a terapeuta felaj\u00e1nl\u00e1sa seg\u00edt\u0151 sz\u00e1nd\u00e9kkal, ez\u00e1ltal ingyenes.","og_url":"https:\/\/repaircafebudapest.hu\/en\/event\/a-laptopok-belso-vilaga\/","og_site_name":"Repair Cafe Budapest","article_publisher":"https:\/\/www.facebook.com\/profile.php?id=61552754066692&locale=hu_HU","article_modified_time":"2024-04-23T19:50:50+00:00","og_image":[{"width":768,"height":402,"url":"https:\/\/repaircafebudapest.hu\/wp-content\/uploads\/2024\/03\/418834179_122141060444091802_3295227450612817970_n.webp","type":"image\/webp"}],"twitter_card":"summary_large_image","twitter_misc":{"Estimated reading time":"1 minute"},"schema":{"@context":"https:\/\/schema.org","@graph":[{"@type":"WebPage","@id":"https:\/\/repaircafebudapest.hu\/event\/a-laptopok-belso-vilaga\/","url":"https:\/\/repaircafebudapest.hu\/event\/a-laptopok-belso-vilaga\/","name":"A laptopok bels\u0151 vil\u00e1ga - Repair Cafe Budapest","isPartOf":{"@id":"https:\/\/repaircafebudapest.hu\/#website"},"primaryImageOfPage":{"@id":"https:\/\/repaircafebudapest.hu\/event\/a-laptopok-belso-vilaga\/#primaryimage"},"image":{"@id":"https:\/\/repaircafebudapest.hu\/event\/a-laptopok-belso-vilaga\/#primaryimage"},"thumbnailUrl":"https:\/\/repaircafebudapest.hu\/wp-content\/uploads\/2024\/03\/418834179_122141060444091802_3295227450612817970_n.webp","datePublished":"2024-03-25T21:13:31+00:00","dateModified":"2024-04-23T19:50:50+00:00","breadcrumb":{"@id":"https:\/\/repaircafebudapest.hu\/event\/a-laptopok-belso-vilaga\/#breadcrumb"},"inLanguage":"en-GB","potentialAction":[{"@type":"ReadAction","target":["https:\/\/repaircafebudapest.hu\/event\/a-laptopok-belso-vilaga\/"]}]},{"@type":"ImageObject","inLanguage":"en-GB","@id":"https:\/\/repaircafebudapest.hu\/event\/a-laptopok-belso-vilaga\/#primaryimage","url":"https:\/\/repaircafebudapest.hu\/wp-content\/uploads\/2024\/03\/418834179_122141060444091802_3295227450612817970_n.webp","contentUrl":"https:\/\/repaircafebudapest.hu\/wp-content\/uploads\/2024\/03\/418834179_122141060444091802_3295227450612817970_n.webp","width":768,"height":402,"caption":"A laptopok bels\u0151 vil\u00e1ga"},{"@type":"BreadcrumbList","@id":"https:\/\/repaircafebudapest.hu\/event\/a-laptopok-belso-vilaga\/#breadcrumb","itemListElement":[{"@type":"ListItem","position":1,"name":"Kezd\u0151lap","item":"https:\/\/repaircafebudapest.hu\/"},{"@type":"ListItem","position":2,"name":"A laptopok bels\u0151 vil\u00e1ga"}]},{"@type":"WebSite","@id":"https:\/\/repaircafebudapest.hu\/#website","url":"https:\/\/repaircafebudapest.hu\/","name":"Repair Cafe Budapest","description":"Repair Cafe Budapest","publisher":{"@id":"https:\/\/repaircafebudapest.hu\/#organization"},"potentialAction":[{"@type":"SearchAction","target":{"@type":"EntryPoint","urlTemplate":"https:\/\/repaircafebudapest.hu\/?s={search_term_string}"},"query-input":{"@type":"PropertyValueSpecification","valueRequired":true,"valueName":"search_term_string"}}],"inLanguage":"en-GB"},{"@type":"Organization","@id":"https:\/\/repaircafebudapest.hu\/#organization","name":"Repair Cafe Budapest","url":"https:\/\/repaircafebudapest.hu\/","logo":{"@type":"ImageObject","inLanguage":"en-GB","@id":"https:\/\/repaircafebudapest.hu\/#\/schema\/logo\/image\/","url":"https:\/\/repaircafebudapest.hu\/wp-content\/uploads\/2023\/11\/rcb-logo.webp","contentUrl":"https:\/\/repaircafebudapest.hu\/wp-content\/uploads\/2023\/11\/rcb-logo.webp","width":2298,"height":1000,"caption":"Repair Cafe Budapest"},"image":{"@id":"https:\/\/repaircafebudapest.hu\/#\/schema\/logo\/image\/"},"sameAs":["https:\/\/www.facebook.com\/profile.php?id=61552754066692&locale=hu_HU"]}]}},"_links":{"self":[{"href":"https:\/\/repaircafebudapest.hu\/en\/wp-json\/wp\/v2\/event_listing\/809","targetHints":{"allow":["GET"]}}],"collection":[{"href":"https:\/\/repaircafebudapest.hu\/en\/wp-json\/wp\/v2\/event_listing"}],"about":[{"href":"https:\/\/repaircafebudapest.hu\/en\/wp-json\/wp\/v2\/types\/event_listing"}],"wp:featuredmedia":[{"embeddable":true,"href":"https:\/\/repaircafebudapest.hu\/en\/wp-json\/wp\/v2\/media\/810"}],"wp:attachment":[{"href":"https:\/\/repaircafebudapest.hu\/en\/wp-json\/wp\/v2\/media?parent=809"}],"wp:term":[{"taxonomy":"event_listing_category","embeddable":true,"href":"https:\/\/repaircafebudapest.hu\/en\/wp-json\/wp\/v2\/event_listing_category?post=809"},{"taxonomy":"event_listing_type","embeddable":true,"href":"https:\/\/repaircafebudapest.hu\/en\/wp-json\/wp\/v2\/event_listing_type?post=809"}],"curies":[{"name":"wp","href":"https:\/\/api.w.org\/{rel}","templated":true}]}}

A laptopok belső világa

<p>Minden, amit tudni szerettél volna a laptopodról, de még nem merted megkérdezni, avagy a laptopok belső világa.</p>
<p>Mindenképp ketten gyertek: te és a laptopod, mert ez párterápia lesz, <strong>Rozgonyi Gábor</strong> vezetésével.<br />
<span style="text-decoration: underline;">Tanácsadás, víruskeresés, frissítés, mentéskészítés</span>. Amire csak szükségetek lehet a kapcsolatotok megújítása szempontjából.</p>
<p>Az esemény a terapeuta felajánlása segítő szándékkal, ezáltal ingyenes.</p>

<!-- This site is optimized with the Yoast SEO Premium plugin v27.4 (Yoast SEO v27.4) - https://yoast.com/product/yoast-seo-premium-wordpress/ -->
<title>A laptopok belső világa - Repair Cafe Budapest</title>
<meta name="robots" content="index, follow, max-snippet:-1, max-image-preview:large, max-video-preview:-1" />
<link rel="canonical" href="https://repaircafebudapest.hu/en/event/a-laptopok-belso-vilaga/" />
<meta property="og:locale" content="en_GB" />
<meta property="og:type" content="article" />
<meta property="og:title" content="A laptopok belső világa" />
<meta property="og:description" content="Minden, amit tudni szerettél volna a laptopodról, de még nem merted megkérdezni, avagy a laptopok belső világa. Mindenképp ketten gyertek: te és a laptopod, mert ez párterápia lesz, Rozgonyi Gábor vezetésével. Tanácsadás, víruskeresés, frissítés, mentéskészítés. Amire csak szükségetek lehet a kapcsolatotok megújítása szempontjából. Az esemény a terapeuta felajánlása segítő szándékkal, ezáltal ingyenes." />
<meta property="og:url" content="https://repaircafebudapest.hu/en/event/a-laptopok-belso-vilaga/" />
<meta property="og:site_name" content="Repair Cafe Budapest" />
<meta property="article:publisher" content="https://www.facebook.com/profile.php?id=61552754066692&amp;locale=hu_HU" />
<meta property="article:modified_time" content="2024-04-23T19:50:50+00:00" />
<meta property="og:image" content="https://repaircafebudapest.hu/wp-content/uploads/2024/03/418834179_122141060444091802_3295227450612817970_n.webp" />
	<meta property="og:image:width" content="768" />
	<meta property="og:image:height" content="402" />
	<meta property="og:image:type" content="image/webp" />
<meta name="twitter:card" content="summary_large_image" />
<meta name="twitter:label1" content="Estimated reading time" />
	<meta name="twitter:data1" content="1 minute" />
<script type="application/ld+json" class="yoast-schema-graph">{"@context":"https:\/\/schema.org","@graph":[{"@type":"WebPage","@id":"https:\/\/repaircafebudapest.hu\/event\/a-laptopok-belso-vilaga\/","url":"https:\/\/repaircafebudapest.hu\/event\/a-laptopok-belso-vilaga\/","name":"A laptopok belső világa - Repair Cafe Budapest","isPartOf":{"@id":"https:\/\/repaircafebudapest.hu\/#website"},"primaryImageOfPage":{"@id":"https:\/\/repaircafebudapest.hu\/event\/a-laptopok-belso-vilaga\/#primaryimage"},"image":{"@id":"https:\/\/repaircafebudapest.hu\/event\/a-laptopok-belso-vilaga\/#primaryimage"},"thumbnailUrl":"https:\/\/repaircafebudapest.hu\/wp-content\/uploads\/2024\/03\/418834179_122141060444091802_3295227450612817970_n.webp","datePublished":"2024-03-25T21:13:31+00:00","dateModified":"2024-04-23T19:50:50+00:00","breadcrumb":{"@id":"https:\/\/repaircafebudapest.hu\/event\/a-laptopok-belso-vilaga\/#breadcrumb"},"inLanguage":"en-GB","potentialAction":[{"@type":"ReadAction","target":["https:\/\/repaircafebudapest.hu\/event\/a-laptopok-belso-vilaga\/"]}]},{"@type":"ImageObject","inLanguage":"en-GB","@id":"https:\/\/repaircafebudapest.hu\/event\/a-laptopok-belso-vilaga\/#primaryimage","url":"https:\/\/repaircafebudapest.hu\/wp-content\/uploads\/2024\/03\/418834179_122141060444091802_3295227450612817970_n.webp","contentUrl":"https:\/\/repaircafebudapest.hu\/wp-content\/uploads\/2024\/03\/418834179_122141060444091802_3295227450612817970_n.webp","width":768,"height":402,"caption":"A laptopok belső világa"},{"@type":"BreadcrumbList","@id":"https:\/\/repaircafebudapest.hu\/event\/a-laptopok-belso-vilaga\/#breadcrumb","itemListElement":[{"@type":"ListItem","position":1,"name":"Kezdőlap","item":"https:\/\/repaircafebudapest.hu\/"},{"@type":"ListItem","position":2,"name":"A laptopok belső világa"}]},{"@type":"WebSite","@id":"https:\/\/repaircafebudapest.hu\/#website","url":"https:\/\/repaircafebudapest.hu\/","name":"Repair Cafe Budapest","description":"Repair Cafe Budapest","publisher":{"@id":"https:\/\/repaircafebudapest.hu\/#organization"},"potentialAction":[{"@type":"SearchAction","target":{"@type":"EntryPoint","urlTemplate":"https:\/\/repaircafebudapest.hu\/?s={search_term_string}"},"query-input":{"@type":"PropertyValueSpecification","valueRequired":true,"valueName":"search_term_string"}}],"inLanguage":"en-GB"},{"@type":"Organization","@id":"https:\/\/repaircafebudapest.hu\/#organization","name":"Repair Cafe Budapest","url":"https:\/\/repaircafebudapest.hu\/","logo":{"@type":"ImageObject","inLanguage":"en-GB","@id":"https:\/\/repaircafebudapest.hu\/#\/schema\/logo\/image\/","url":"https:\/\/repaircafebudapest.hu\/wp-content\/uploads\/2023\/11\/rcb-logo.webp","contentUrl":"https:\/\/repaircafebudapest.hu\/wp-content\/uploads\/2023\/11\/rcb-logo.webp","width":2298,"height":1000,"caption":"Repair Cafe Budapest"},"image":{"@id":"https:\/\/repaircafebudapest.hu\/#\/schema\/logo\/image\/"},"sameAs":["https:\/\/www.facebook.com\/profile.php?id=61552754066692&locale=hu_HU"]}]}</script>
<!-- / Yoast SEO Premium plugin. -->

A laptopok belső világa - Repair Cafe Budapest

Minden, amit tudni szerettél volna a laptopodról, de még nem merted megkérdezni, avagy a laptopok belső világa. Mindenképp ketten gyertek: te és a laptopod, mert ez párterápia lesz, Rozgonyi Gábor vezetésével. Tanácsadás, víruskeresés, frissítés, mentéskészítés. Amire csak szükségetek lehet a kapcsolatotok megújítása szempontjából. Az esemény a terapeuta felajánlása segítő szándékkal, ezáltal ingyenes.

Kezdőlap
