{"id":1181,"date":"2025-04-16T22:46:22","date_gmt":"2025-04-16T21:46:22","guid":{"rendered":"https:\/\/repaircafebudapest.hu\/?post_type=event_listing&#038;p=1181"},"modified":"2025-04-20T00:28:39","modified_gmt":"2025-04-19T23:28:39","slug":"husveti-szendvics-es-finomsag-keszites","status":"expired","type":"event_listing","link":"https:\/\/repaircafebudapest.hu\/en\/event\/husveti-szendvics-es-finomsag-keszites\/","title":{"rendered":"H\u00fasv\u00e9ti szendvics \u00e9s finoms\u00e1g k\u00e9sz\u00edt\u00e9s"},"content":{"rendered":"<p>B\u00e1r megv\u00e1ltozott az id\u0151pont, de azt gondoltuk szombaton az \u00fczletek nyitvatart\u00e1sa miatt ezt k\u00f6nnyebben megugorjuk.<br \/>\n\u00dagyhogy k\u00e9sz\u00fcljenek a finoms\u00e1gok az Alf\u00f6ldi sz\u00e1ll\u00f3 lak\u00f3inak, ahogy m\u00e1r kor\u00e1bban meg\u00edg\u00e9rt\u00fck nekik.<br \/>\n<br \/>\nA &#8222;konyha&#8221; avagy m\u0171hely n\u00e1lunk lesz a Telekin, v\u00e1runk minden szorgos kezet, a bev\u00e1s\u00e1rl\u00e1st pedig mi int\u00e9zz\u00fck hozz\u00e1.<br \/>\nAnnyi a k\u00e9r\u00e9s\u00fcnk, hogy az iratkozzon fel, jelentkezzen az esem\u00e9nyre, akire biztosan sz\u00e1m\u00edthatunk. Terveink szerint 300 szendvics fog k\u00e9sz\u00fclni.\u2764<\/p>","protected":false},"featured_media":1182,"template":"","meta":{"_acf_changed":false},"event_listing_category":[],"event_listing_type":[],"class_list":["post-1181","event_listing","type-event_listing","status-expired","has-post-thumbnail","hentry"],"acf":[],"yoast_head":"<!-- This site is optimized with the Yoast SEO Premium plugin v27.4 (Yoast SEO v27.4) - https:\/\/yoast.com\/product\/yoast-seo-premium-wordpress\/ -->\n<title>H\u00fasv\u00e9ti szendvics \u00e9s finoms\u00e1g k\u00e9sz\u00edt\u00e9s - Repair Cafe Budapest<\/title>\n<meta name=\"robots\" content=\"index, follow, max-snippet:-1, max-image-preview:large, max-video-preview:-1\" \/>\n<link rel=\"canonical\" href=\"https:\/\/repaircafebudapest.hu\/en\/event\/husveti-szendvics-es-finomsag-keszites\/\" \/>\n<meta property=\"og:locale\" content=\"en_GB\" \/>\n<meta property=\"og:type\" content=\"article\" \/>\n<meta property=\"og:title\" content=\"H\u00fasv\u00e9ti szendvics \u00e9s finoms\u00e1g k\u00e9sz\u00edt\u00e9s\" \/>\n<meta property=\"og:description\" content=\"B\u00e1r megv\u00e1ltozott az id\u0151pont, de azt gondoltuk szombaton az \u00fczletek nyitvatart\u00e1sa miatt ezt k\u00f6nnyebben megugorjuk. \u00dagyhogy k\u00e9sz\u00fcljenek a finoms\u00e1gok az Alf\u00f6ldi sz\u00e1ll\u00f3 lak\u00f3inak, ahogy m\u00e1r kor\u00e1bban meg\u00edg\u00e9rt\u00fck nekik. A &#8222;konyha&#8221; avagy m\u0171hely n\u00e1lunk lesz a Telekin, v\u00e1runk minden szorgos kezet, a bev\u00e1s\u00e1rl\u00e1st pedig mi int\u00e9zz\u00fck hozz\u00e1. Annyi a k\u00e9r\u00e9s\u00fcnk, hogy az iratkozzon fel, jelentkezzen az [&hellip;]\" \/>\n<meta property=\"og:url\" content=\"https:\/\/repaircafebudapest.hu\/en\/event\/husveti-szendvics-es-finomsag-keszites\/\" \/>\n<meta property=\"og:site_name\" content=\"Repair Cafe Budapest\" \/>\n<meta property=\"article:publisher\" content=\"https:\/\/www.facebook.com\/profile.php?id=61552754066692&amp;locale=hu_HU\" \/>\n<meta property=\"article:modified_time\" content=\"2025-04-19T23:28:39+00:00\" \/>\n<meta property=\"og:image\" content=\"https:\/\/repaircafebudapest.hu\/wp-content\/uploads\/2025\/04\/491089254_122202242066091802_8153759417824574791_n.jpg\" \/>\n\t<meta property=\"og:image:width\" content=\"960\" \/>\n\t<meta property=\"og:image:height\" content=\"720\" \/>\n\t<meta property=\"og:image:type\" content=\"image\/jpeg\" \/>\n<meta name=\"twitter:card\" content=\"summary_large_image\" \/>\n<meta name=\"twitter:label1\" content=\"Estimated reading time\" \/>\n\t<meta name=\"twitter:data1\" content=\"1 minute\" \/>\n<script type=\"application\/ld+json\" class=\"yoast-schema-graph\">{\"@context\":\"https:\\\/\\\/schema.org\",\"@graph\":[{\"@type\":\"WebPage\",\"@id\":\"https:\\\/\\\/repaircafebudapest.hu\\\/event\\\/husveti-szendvics-es-finomsag-keszites\\\/\",\"url\":\"https:\\\/\\\/repaircafebudapest.hu\\\/event\\\/husveti-szendvics-es-finomsag-keszites\\\/\",\"name\":\"H\u00fasv\u00e9ti szendvics \u00e9s finoms\u00e1g k\u00e9sz\u00edt\u00e9s - Repair Cafe Budapest\",\"isPartOf\":{\"@id\":\"https:\\\/\\\/repaircafebudapest.hu\\\/#website\"},\"primaryImageOfPage\":{\"@id\":\"https:\\\/\\\/repaircafebudapest.hu\\\/event\\\/husveti-szendvics-es-finomsag-keszites\\\/#primaryimage\"},\"image\":{\"@id\":\"https:\\\/\\\/repaircafebudapest.hu\\\/event\\\/husveti-szendvics-es-finomsag-keszites\\\/#primaryimage\"},\"thumbnailUrl\":\"https:\\\/\\\/repaircafebudapest.hu\\\/wp-content\\\/uploads\\\/2025\\\/04\\\/491089254_122202242066091802_8153759417824574791_n.jpg\",\"datePublished\":\"2025-04-16T21:46:22+00:00\",\"dateModified\":\"2025-04-19T23:28:39+00:00\",\"breadcrumb\":{\"@id\":\"https:\\\/\\\/repaircafebudapest.hu\\\/event\\\/husveti-szendvics-es-finomsag-keszites\\\/#breadcrumb\"},\"inLanguage\":\"en-GB\",\"potentialAction\":[{\"@type\":\"ReadAction\",\"target\":[\"https:\\\/\\\/repaircafebudapest.hu\\\/event\\\/husveti-szendvics-es-finomsag-keszites\\\/\"]}]},{\"@type\":\"ImageObject\",\"inLanguage\":\"en-GB\",\"@id\":\"https:\\\/\\\/repaircafebudapest.hu\\\/event\\\/husveti-szendvics-es-finomsag-keszites\\\/#primaryimage\",\"url\":\"https:\\\/\\\/repaircafebudapest.hu\\\/wp-content\\\/uploads\\\/2025\\\/04\\\/491089254_122202242066091802_8153759417824574791_n.jpg\",\"contentUrl\":\"https:\\\/\\\/repaircafebudapest.hu\\\/wp-content\\\/uploads\\\/2025\\\/04\\\/491089254_122202242066091802_8153759417824574791_n.jpg\",\"width\":960,\"height\":720,\"caption\":\"H\u00fasv\u00e9ti szendvics \u00e9s finoms\u00e1g k\u00e9sz\u00edt\u00e9s\"},{\"@type\":\"BreadcrumbList\",\"@id\":\"https:\\\/\\\/repaircafebudapest.hu\\\/event\\\/husveti-szendvics-es-finomsag-keszites\\\/#breadcrumb\",\"itemListElement\":[{\"@type\":\"ListItem\",\"position\":1,\"name\":\"Kezd\u0151lap\",\"item\":\"https:\\\/\\\/repaircafebudapest.hu\\\/\"},{\"@type\":\"ListItem\",\"position\":2,\"name\":\"H\u00fasv\u00e9ti szendvics \u00e9s finoms\u00e1g k\u00e9sz\u00edt\u00e9s\"}]},{\"@type\":\"WebSite\",\"@id\":\"https:\\\/\\\/repaircafebudapest.hu\\\/#website\",\"url\":\"https:\\\/\\\/repaircafebudapest.hu\\\/\",\"name\":\"Repair Cafe Budapest\",\"description\":\"Repair Cafe Budapest\",\"publisher\":{\"@id\":\"https:\\\/\\\/repaircafebudapest.hu\\\/#organization\"},\"potentialAction\":[{\"@type\":\"SearchAction\",\"target\":{\"@type\":\"EntryPoint\",\"urlTemplate\":\"https:\\\/\\\/repaircafebudapest.hu\\\/?s={search_term_string}\"},\"query-input\":{\"@type\":\"PropertyValueSpecification\",\"valueRequired\":true,\"valueName\":\"search_term_string\"}}],\"inLanguage\":\"en-GB\"},{\"@type\":\"Organization\",\"@id\":\"https:\\\/\\\/repaircafebudapest.hu\\\/#organization\",\"name\":\"Repair Cafe Budapest\",\"url\":\"https:\\\/\\\/repaircafebudapest.hu\\\/\",\"logo\":{\"@type\":\"ImageObject\",\"inLanguage\":\"en-GB\",\"@id\":\"https:\\\/\\\/repaircafebudapest.hu\\\/#\\\/schema\\\/logo\\\/image\\\/\",\"url\":\"https:\\\/\\\/repaircafebudapest.hu\\\/wp-content\\\/uploads\\\/2023\\\/11\\\/rcb-logo.webp\",\"contentUrl\":\"https:\\\/\\\/repaircafebudapest.hu\\\/wp-content\\\/uploads\\\/2023\\\/11\\\/rcb-logo.webp\",\"width\":2298,\"height\":1000,\"caption\":\"Repair Cafe Budapest\"},\"image\":{\"@id\":\"https:\\\/\\\/repaircafebudapest.hu\\\/#\\\/schema\\\/logo\\\/image\\\/\"},\"sameAs\":[\"https:\\\/\\\/www.facebook.com\\\/profile.php?id=61552754066692&locale=hu_HU\"]}]}<\/script>\n<!-- \/ Yoast SEO Premium plugin. -->","yoast_head_json":{"title":"H\u00fasv\u00e9ti szendvics \u00e9s finoms\u00e1g k\u00e9sz\u00edt\u00e9s - Repair Cafe Budapest","robots":{"index":"index","follow":"follow","max-snippet":"max-snippet:-1","max-image-preview":"max-image-preview:large","max-video-preview":"max-video-preview:-1"},"canonical":"https:\/\/repaircafebudapest.hu\/en\/event\/husveti-szendvics-es-finomsag-keszites\/","og_locale":"en_GB","og_type":"article","og_title":"H\u00fasv\u00e9ti szendvics \u00e9s finoms\u00e1g k\u00e9sz\u00edt\u00e9s","og_description":"B\u00e1r megv\u00e1ltozott az id\u0151pont, de azt gondoltuk szombaton az \u00fczletek nyitvatart\u00e1sa miatt ezt k\u00f6nnyebben megugorjuk. \u00dagyhogy k\u00e9sz\u00fcljenek a finoms\u00e1gok az Alf\u00f6ldi sz\u00e1ll\u00f3 lak\u00f3inak, ahogy m\u00e1r kor\u00e1bban meg\u00edg\u00e9rt\u00fck nekik. A &#8222;konyha&#8221; avagy m\u0171hely n\u00e1lunk lesz a Telekin, v\u00e1runk minden szorgos kezet, a bev\u00e1s\u00e1rl\u00e1st pedig mi int\u00e9zz\u00fck hozz\u00e1. Annyi a k\u00e9r\u00e9s\u00fcnk, hogy az iratkozzon fel, jelentkezzen az [&hellip;]","og_url":"https:\/\/repaircafebudapest.hu\/en\/event\/husveti-szendvics-es-finomsag-keszites\/","og_site_name":"Repair Cafe Budapest","article_publisher":"https:\/\/www.facebook.com\/profile.php?id=61552754066692&locale=hu_HU","article_modified_time":"2025-04-19T23:28:39+00:00","og_image":[{"width":960,"height":720,"url":"https:\/\/repaircafebudapest.hu\/wp-content\/uploads\/2025\/04\/491089254_122202242066091802_8153759417824574791_n.jpg","type":"image\/jpeg"}],"twitter_card":"summary_large_image","twitter_misc":{"Estimated reading time":"1 minute"},"schema":{"@context":"https:\/\/schema.org","@graph":[{"@type":"WebPage","@id":"https:\/\/repaircafebudapest.hu\/event\/husveti-szendvics-es-finomsag-keszites\/","url":"https:\/\/repaircafebudapest.hu\/event\/husveti-szendvics-es-finomsag-keszites\/","name":"H\u00fasv\u00e9ti szendvics \u00e9s finoms\u00e1g k\u00e9sz\u00edt\u00e9s - Repair Cafe Budapest","isPartOf":{"@id":"https:\/\/repaircafebudapest.hu\/#website"},"primaryImageOfPage":{"@id":"https:\/\/repaircafebudapest.hu\/event\/husveti-szendvics-es-finomsag-keszites\/#primaryimage"},"image":{"@id":"https:\/\/repaircafebudapest.hu\/event\/husveti-szendvics-es-finomsag-keszites\/#primaryimage"},"thumbnailUrl":"https:\/\/repaircafebudapest.hu\/wp-content\/uploads\/2025\/04\/491089254_122202242066091802_8153759417824574791_n.jpg","datePublished":"2025-04-16T21:46:22+00:00","dateModified":"2025-04-19T23:28:39+00:00","breadcrumb":{"@id":"https:\/\/repaircafebudapest.hu\/event\/husveti-szendvics-es-finomsag-keszites\/#breadcrumb"},"inLanguage":"en-GB","potentialAction":[{"@type":"ReadAction","target":["https:\/\/repaircafebudapest.hu\/event\/husveti-szendvics-es-finomsag-keszites\/"]}]},{"@type":"ImageObject","inLanguage":"en-GB","@id":"https:\/\/repaircafebudapest.hu\/event\/husveti-szendvics-es-finomsag-keszites\/#primaryimage","url":"https:\/\/repaircafebudapest.hu\/wp-content\/uploads\/2025\/04\/491089254_122202242066091802_8153759417824574791_n.jpg","contentUrl":"https:\/\/repaircafebudapest.hu\/wp-content\/uploads\/2025\/04\/491089254_122202242066091802_8153759417824574791_n.jpg","width":960,"height":720,"caption":"H\u00fasv\u00e9ti szendvics \u00e9s finoms\u00e1g k\u00e9sz\u00edt\u00e9s"},{"@type":"BreadcrumbList","@id":"https:\/\/repaircafebudapest.hu\/event\/husveti-szendvics-es-finomsag-keszites\/#breadcrumb","itemListElement":[{"@type":"ListItem","position":1,"name":"Kezd\u0151lap","item":"https:\/\/repaircafebudapest.hu\/"},{"@type":"ListItem","position":2,"name":"H\u00fasv\u00e9ti szendvics \u00e9s finoms\u00e1g k\u00e9sz\u00edt\u00e9s"}]},{"@type":"WebSite","@id":"https:\/\/repaircafebudapest.hu\/#website","url":"https:\/\/repaircafebudapest.hu\/","name":"Repair Cafe Budapest","description":"Repair Cafe Budapest","publisher":{"@id":"https:\/\/repaircafebudapest.hu\/#organization"},"potentialAction":[{"@type":"SearchAction","target":{"@type":"EntryPoint","urlTemplate":"https:\/\/repaircafebudapest.hu\/?s={search_term_string}"},"query-input":{"@type":"PropertyValueSpecification","valueRequired":true,"valueName":"search_term_string"}}],"inLanguage":"en-GB"},{"@type":"Organization","@id":"https:\/\/repaircafebudapest.hu\/#organization","name":"Repair Cafe Budapest","url":"https:\/\/repaircafebudapest.hu\/","logo":{"@type":"ImageObject","inLanguage":"en-GB","@id":"https:\/\/repaircafebudapest.hu\/#\/schema\/logo\/image\/","url":"https:\/\/repaircafebudapest.hu\/wp-content\/uploads\/2023\/11\/rcb-logo.webp","contentUrl":"https:\/\/repaircafebudapest.hu\/wp-content\/uploads\/2023\/11\/rcb-logo.webp","width":2298,"height":1000,"caption":"Repair Cafe Budapest"},"image":{"@id":"https:\/\/repaircafebudapest.hu\/#\/schema\/logo\/image\/"},"sameAs":["https:\/\/www.facebook.com\/profile.php?id=61552754066692&locale=hu_HU"]}]}},"_links":{"self":[{"href":"https:\/\/repaircafebudapest.hu\/en\/wp-json\/wp\/v2\/event_listing\/1181","targetHints":{"allow":["GET"]}}],"collection":[{"href":"https:\/\/repaircafebudapest.hu\/en\/wp-json\/wp\/v2\/event_listing"}],"about":[{"href":"https:\/\/repaircafebudapest.hu\/en\/wp-json\/wp\/v2\/types\/event_listing"}],"wp:featuredmedia":[{"embeddable":true,"href":"https:\/\/repaircafebudapest.hu\/en\/wp-json\/wp\/v2\/media\/1182"}],"wp:attachment":[{"href":"https:\/\/repaircafebudapest.hu\/en\/wp-json\/wp\/v2\/media?parent=1181"}],"wp:term":[{"taxonomy":"event_listing_category","embeddable":true,"href":"https:\/\/repaircafebudapest.hu\/en\/wp-json\/wp\/v2\/event_listing_category?post=1181"},{"taxonomy":"event_listing_type","embeddable":true,"href":"https:\/\/repaircafebudapest.hu\/en\/wp-json\/wp\/v2\/event_listing_type?post=1181"}],"curies":[{"name":"wp","href":"https:\/\/api.w.org\/{rel}","templated":true}]}}

Húsvéti szendvics és finomság készítés

<p>Bár megváltozott az időpont, de azt gondoltuk szombaton az üzletek nyitvatartása miatt ezt könnyebben megugorjuk.<br />
Úgyhogy készüljenek a finomságok az Alföldi szálló lakóinak, ahogy már korábban megígértük nekik.<br />
<br />
A &#8222;konyha&#8221; avagy műhely nálunk lesz a Telekin, várunk minden szorgos kezet, a bevásárlást pedig mi intézzük hozzá.<br />
Annyi a kérésünk, hogy az iratkozzon fel, jelentkezzen az eseményre, akire biztosan számíthatunk. Terveink szerint 300 szendvics fog készülni.❤</p>

<!-- This site is optimized with the Yoast SEO Premium plugin v27.4 (Yoast SEO v27.4) - https://yoast.com/product/yoast-seo-premium-wordpress/ -->
<title>Húsvéti szendvics és finomság készítés - Repair Cafe Budapest</title>
<meta name="robots" content="index, follow, max-snippet:-1, max-image-preview:large, max-video-preview:-1" />
<link rel="canonical" href="https://repaircafebudapest.hu/en/event/husveti-szendvics-es-finomsag-keszites/" />
<meta property="og:locale" content="en_GB" />
<meta property="og:type" content="article" />
<meta property="og:title" content="Húsvéti szendvics és finomság készítés" />
<meta property="og:description" content="Bár megváltozott az időpont, de azt gondoltuk szombaton az üzletek nyitvatartása miatt ezt könnyebben megugorjuk. Úgyhogy készüljenek a finomságok az Alföldi szálló lakóinak, ahogy már korábban megígértük nekik. A &#8222;konyha&#8221; avagy műhely nálunk lesz a Telekin, várunk minden szorgos kezet, a bevásárlást pedig mi intézzük hozzá. Annyi a kérésünk, hogy az iratkozzon fel, jelentkezzen az [&hellip;]" />
<meta property="og:url" content="https://repaircafebudapest.hu/en/event/husveti-szendvics-es-finomsag-keszites/" />
<meta property="og:site_name" content="Repair Cafe Budapest" />
<meta property="article:publisher" content="https://www.facebook.com/profile.php?id=61552754066692&amp;locale=hu_HU" />
<meta property="article:modified_time" content="2025-04-19T23:28:39+00:00" />
<meta property="og:image" content="https://repaircafebudapest.hu/wp-content/uploads/2025/04/491089254_122202242066091802_8153759417824574791_n.jpg" />
	<meta property="og:image:width" content="960" />
	<meta property="og:image:height" content="720" />
	<meta property="og:image:type" content="image/jpeg" />
<meta name="twitter:card" content="summary_large_image" />
<meta name="twitter:label1" content="Estimated reading time" />
	<meta name="twitter:data1" content="1 minute" />
<script type="application/ld+json" class="yoast-schema-graph">{"@context":"https:\/\/schema.org","@graph":[{"@type":"WebPage","@id":"https:\/\/repaircafebudapest.hu\/event\/husveti-szendvics-es-finomsag-keszites\/","url":"https:\/\/repaircafebudapest.hu\/event\/husveti-szendvics-es-finomsag-keszites\/","name":"Húsvéti szendvics és finomság készítés - Repair Cafe Budapest","isPartOf":{"@id":"https:\/\/repaircafebudapest.hu\/#website"},"primaryImageOfPage":{"@id":"https:\/\/repaircafebudapest.hu\/event\/husveti-szendvics-es-finomsag-keszites\/#primaryimage"},"image":{"@id":"https:\/\/repaircafebudapest.hu\/event\/husveti-szendvics-es-finomsag-keszites\/#primaryimage"},"thumbnailUrl":"https:\/\/repaircafebudapest.hu\/wp-content\/uploads\/2025\/04\/491089254_122202242066091802_8153759417824574791_n.jpg","datePublished":"2025-04-16T21:46:22+00:00","dateModified":"2025-04-19T23:28:39+00:00","breadcrumb":{"@id":"https:\/\/repaircafebudapest.hu\/event\/husveti-szendvics-es-finomsag-keszites\/#breadcrumb"},"inLanguage":"en-GB","potentialAction":[{"@type":"ReadAction","target":["https:\/\/repaircafebudapest.hu\/event\/husveti-szendvics-es-finomsag-keszites\/"]}]},{"@type":"ImageObject","inLanguage":"en-GB","@id":"https:\/\/repaircafebudapest.hu\/event\/husveti-szendvics-es-finomsag-keszites\/#primaryimage","url":"https:\/\/repaircafebudapest.hu\/wp-content\/uploads\/2025\/04\/491089254_122202242066091802_8153759417824574791_n.jpg","contentUrl":"https:\/\/repaircafebudapest.hu\/wp-content\/uploads\/2025\/04\/491089254_122202242066091802_8153759417824574791_n.jpg","width":960,"height":720,"caption":"Húsvéti szendvics és finomság készítés"},{"@type":"BreadcrumbList","@id":"https:\/\/repaircafebudapest.hu\/event\/husveti-szendvics-es-finomsag-keszites\/#breadcrumb","itemListElement":[{"@type":"ListItem","position":1,"name":"Kezdőlap","item":"https:\/\/repaircafebudapest.hu\/"},{"@type":"ListItem","position":2,"name":"Húsvéti szendvics és finomság készítés"}]},{"@type":"WebSite","@id":"https:\/\/repaircafebudapest.hu\/#website","url":"https:\/\/repaircafebudapest.hu\/","name":"Repair Cafe Budapest","description":"Repair Cafe Budapest","publisher":{"@id":"https:\/\/repaircafebudapest.hu\/#organization"},"potentialAction":[{"@type":"SearchAction","target":{"@type":"EntryPoint","urlTemplate":"https:\/\/repaircafebudapest.hu\/?s={search_term_string}"},"query-input":{"@type":"PropertyValueSpecification","valueRequired":true,"valueName":"search_term_string"}}],"inLanguage":"en-GB"},{"@type":"Organization","@id":"https:\/\/repaircafebudapest.hu\/#organization","name":"Repair Cafe Budapest","url":"https:\/\/repaircafebudapest.hu\/","logo":{"@type":"ImageObject","inLanguage":"en-GB","@id":"https:\/\/repaircafebudapest.hu\/#\/schema\/logo\/image\/","url":"https:\/\/repaircafebudapest.hu\/wp-content\/uploads\/2023\/11\/rcb-logo.webp","contentUrl":"https:\/\/repaircafebudapest.hu\/wp-content\/uploads\/2023\/11\/rcb-logo.webp","width":2298,"height":1000,"caption":"Repair Cafe Budapest"},"image":{"@id":"https:\/\/repaircafebudapest.hu\/#\/schema\/logo\/image\/"},"sameAs":["https:\/\/www.facebook.com\/profile.php?id=61552754066692&locale=hu_HU"]}]}</script>
<!-- / Yoast SEO Premium plugin. -->

Húsvéti szendvics és finomság készítés - Repair Cafe Budapest

Bár megváltozott az időpont, de azt gondoltuk szombaton az üzletek nyitvatartása miatt ezt könnyebben megugorjuk. Úgyhogy készüljenek a finomságok az Alföldi szálló lakóinak, ahogy már korábban megígértük nekik. A &#8222;konyha&#8221; avagy műhely nálunk lesz a Telekin, várunk minden szorgos kezet, a bevásárlást pedig mi intézzük hozzá. Annyi a kérésünk, hogy az iratkozzon fel, jelentkezzen az [&hellip;]

Kezdőlap
