{"id":1052,"date":"2024-11-29T10:22:08","date_gmt":"2024-11-29T09:22:08","guid":{"rendered":"https:\/\/repaircafebudapest.hu\/?post_type=event_listing&#038;p=1052"},"modified":"2024-12-15T00:26:04","modified_gmt":"2024-12-14T23:26:04","slug":"ruha-elelmiszer","status":"expired","type":"event_listing","link":"https:\/\/repaircafebudapest.hu\/en\/event\/ruha-elelmiszer\/","title":{"rendered":"Ruha = \u00e9lelmiszer"},"content":{"rendered":"<p>A tavalyi \u00e9vhez hasonl\u00f3an id\u00e9n is rendez\u00fcnk ruhab\u00f6rz\u00e9t. Azokb\u00f3l a ruh\u00e1kb\u00f3l, amik adom\u00e1nyk\u00e9nt \u00e9rkeztek t\u0151letek, \u00e9s nem lett gazd\u00e1juk.<\/p>\n<p>A csere-bere c\u00e9lja, hogy \u00e9lelmiszert gy\u0171jts\u00fcnk a kar\u00e1csonyi s\u00fct\u00e9s-f\u0151z\u00e9s\u00fcnkh\u00f6z, amit szint\u00e9n a tavalyi \u00e9vhez hasonl\u00f3an id\u00e9n is megtartunk december 22-\u00e9n az Alf\u00f6ldi utcai sz\u00e1ll\u00f3n. Nagys\u00e1grendileg 100 embernek k\u00e9sz\u00edt\u00fcnk ilyenkor eg\u00e9sz nap finoms\u00e1gokat, amiben \u0151k is akt\u00edvan r\u00e9szt vesznek.<\/p>\n<p>Cukor, liszt m\u00e1r van elegend\u0151.<\/p>\n<p>Lesz t\u00f6bbf\u00e9le muffin, tejf\u00f6l\u00f6s l\u00e1ngos, bableves, k\u00e1poszt\u00e1s t\u00e9szta. \u00c9s alkoholmentes rumpuncs, forr\u00f3, f\u0171szeres. Ezekhez b\u00e1rmit sz\u00edvesen fogadunk, ami pedig hi\u00e1nyozni fog a v\u00e9g\u00e9n, azt megvessz\u00fck mi.<\/p>","protected":false},"featured_media":1053,"template":"","meta":{"_acf_changed":false},"event_listing_category":[],"event_listing_type":[],"class_list":["post-1052","event_listing","type-event_listing","status-expired","has-post-thumbnail","hentry"],"acf":[],"yoast_head":"<!-- This site is optimized with the Yoast SEO Premium plugin v27.4 (Yoast SEO v27.4) - https:\/\/yoast.com\/product\/yoast-seo-premium-wordpress\/ -->\n<title>Ruha = \u00e9lelmiszer - Repair Cafe Budapest<\/title>\n<meta name=\"description\" content=\"Ruhab\u00f6rze \u00e9s \u00e9lelmiszergy\u0171jt\u00e9s a december 22-i kar\u00e1csonyi s\u00fct\u00e9s-f\u0151z\u00e9shez az Alf\u00f6ldi utcai sz\u00e1ll\u00f3n, ahol 100 embernek k\u00e9sz\u00edt\u00fcnk finoms\u00e1gokat.\" \/>\n<meta name=\"robots\" content=\"index, follow, max-snippet:-1, max-image-preview:large, max-video-preview:-1\" \/>\n<link rel=\"canonical\" href=\"https:\/\/repaircafebudapest.hu\/en\/event\/ruha-elelmiszer\/\" \/>\n<meta property=\"og:locale\" content=\"en_GB\" \/>\n<meta property=\"og:type\" content=\"article\" \/>\n<meta property=\"og:title\" content=\"Ruha = \u00e9lelmiszer\" \/>\n<meta property=\"og:description\" content=\"Ruhab\u00f6rze \u00e9s \u00e9lelmiszergy\u0171jt\u00e9s a december 22-i kar\u00e1csonyi s\u00fct\u00e9s-f\u0151z\u00e9shez az Alf\u00f6ldi utcai sz\u00e1ll\u00f3n, ahol 100 embernek k\u00e9sz\u00edt\u00fcnk finoms\u00e1gokat.\" \/>\n<meta property=\"og:url\" content=\"https:\/\/repaircafebudapest.hu\/en\/event\/ruha-elelmiszer\/\" \/>\n<meta property=\"og:site_name\" content=\"Repair Cafe Budapest\" \/>\n<meta property=\"article:publisher\" content=\"https:\/\/www.facebook.com\/profile.php?id=61552754066692&amp;locale=hu_HU\" \/>\n<meta property=\"article:modified_time\" content=\"2024-12-14T23:26:04+00:00\" \/>\n<meta property=\"og:image\" content=\"https:\/\/repaircafebudapest.hu\/wp-content\/uploads\/2024\/11\/468054605_122183462822091802_7259128507862966163_n.jpg\" \/>\n\t<meta property=\"og:image:width\" content=\"851\" \/>\n\t<meta property=\"og:image:height\" content=\"315\" \/>\n\t<meta property=\"og:image:type\" content=\"image\/jpeg\" \/>\n<meta name=\"twitter:card\" content=\"summary_large_image\" \/>\n<meta name=\"twitter:label1\" content=\"Estimated reading time\" \/>\n\t<meta name=\"twitter:data1\" content=\"1 minute\" \/>\n<script type=\"application\/ld+json\" class=\"yoast-schema-graph\">{\"@context\":\"https:\\\/\\\/schema.org\",\"@graph\":[{\"@type\":\"WebPage\",\"@id\":\"https:\\\/\\\/repaircafebudapest.hu\\\/event\\\/ruha-elelmiszer\\\/\",\"url\":\"https:\\\/\\\/repaircafebudapest.hu\\\/event\\\/ruha-elelmiszer\\\/\",\"name\":\"Ruha = \u00e9lelmiszer - Repair Cafe Budapest\",\"isPartOf\":{\"@id\":\"https:\\\/\\\/repaircafebudapest.hu\\\/#website\"},\"primaryImageOfPage\":{\"@id\":\"https:\\\/\\\/repaircafebudapest.hu\\\/event\\\/ruha-elelmiszer\\\/#primaryimage\"},\"image\":{\"@id\":\"https:\\\/\\\/repaircafebudapest.hu\\\/event\\\/ruha-elelmiszer\\\/#primaryimage\"},\"thumbnailUrl\":\"https:\\\/\\\/repaircafebudapest.hu\\\/wp-content\\\/uploads\\\/2024\\\/11\\\/468054605_122183462822091802_7259128507862966163_n.jpg\",\"datePublished\":\"2024-11-29T09:22:08+00:00\",\"dateModified\":\"2024-12-14T23:26:04+00:00\",\"description\":\"Ruhab\u00f6rze \u00e9s \u00e9lelmiszergy\u0171jt\u00e9s a december 22-i kar\u00e1csonyi s\u00fct\u00e9s-f\u0151z\u00e9shez az Alf\u00f6ldi utcai sz\u00e1ll\u00f3n, ahol 100 embernek k\u00e9sz\u00edt\u00fcnk finoms\u00e1gokat.\",\"breadcrumb\":{\"@id\":\"https:\\\/\\\/repaircafebudapest.hu\\\/event\\\/ruha-elelmiszer\\\/#breadcrumb\"},\"inLanguage\":\"en-GB\",\"potentialAction\":[{\"@type\":\"ReadAction\",\"target\":[\"https:\\\/\\\/repaircafebudapest.hu\\\/event\\\/ruha-elelmiszer\\\/\"]}]},{\"@type\":\"ImageObject\",\"inLanguage\":\"en-GB\",\"@id\":\"https:\\\/\\\/repaircafebudapest.hu\\\/event\\\/ruha-elelmiszer\\\/#primaryimage\",\"url\":\"https:\\\/\\\/repaircafebudapest.hu\\\/wp-content\\\/uploads\\\/2024\\\/11\\\/468054605_122183462822091802_7259128507862966163_n.jpg\",\"contentUrl\":\"https:\\\/\\\/repaircafebudapest.hu\\\/wp-content\\\/uploads\\\/2024\\\/11\\\/468054605_122183462822091802_7259128507862966163_n.jpg\",\"width\":851,\"height\":315,\"caption\":\"Kar\u00e1csonyi ruhab\u00f6rze\"},{\"@type\":\"BreadcrumbList\",\"@id\":\"https:\\\/\\\/repaircafebudapest.hu\\\/event\\\/ruha-elelmiszer\\\/#breadcrumb\",\"itemListElement\":[{\"@type\":\"ListItem\",\"position\":1,\"name\":\"Kezd\u0151lap\",\"item\":\"https:\\\/\\\/repaircafebudapest.hu\\\/\"},{\"@type\":\"ListItem\",\"position\":2,\"name\":\"Ruha = \u00e9lelmiszer\"}]},{\"@type\":\"WebSite\",\"@id\":\"https:\\\/\\\/repaircafebudapest.hu\\\/#website\",\"url\":\"https:\\\/\\\/repaircafebudapest.hu\\\/\",\"name\":\"Repair Cafe Budapest\",\"description\":\"Repair Cafe Budapest\",\"publisher\":{\"@id\":\"https:\\\/\\\/repaircafebudapest.hu\\\/#organization\"},\"potentialAction\":[{\"@type\":\"SearchAction\",\"target\":{\"@type\":\"EntryPoint\",\"urlTemplate\":\"https:\\\/\\\/repaircafebudapest.hu\\\/?s={search_term_string}\"},\"query-input\":{\"@type\":\"PropertyValueSpecification\",\"valueRequired\":true,\"valueName\":\"search_term_string\"}}],\"inLanguage\":\"en-GB\"},{\"@type\":\"Organization\",\"@id\":\"https:\\\/\\\/repaircafebudapest.hu\\\/#organization\",\"name\":\"Repair Cafe Budapest\",\"url\":\"https:\\\/\\\/repaircafebudapest.hu\\\/\",\"logo\":{\"@type\":\"ImageObject\",\"inLanguage\":\"en-GB\",\"@id\":\"https:\\\/\\\/repaircafebudapest.hu\\\/#\\\/schema\\\/logo\\\/image\\\/\",\"url\":\"https:\\\/\\\/repaircafebudapest.hu\\\/wp-content\\\/uploads\\\/2023\\\/11\\\/rcb-logo.webp\",\"contentUrl\":\"https:\\\/\\\/repaircafebudapest.hu\\\/wp-content\\\/uploads\\\/2023\\\/11\\\/rcb-logo.webp\",\"width\":2298,\"height\":1000,\"caption\":\"Repair Cafe Budapest\"},\"image\":{\"@id\":\"https:\\\/\\\/repaircafebudapest.hu\\\/#\\\/schema\\\/logo\\\/image\\\/\"},\"sameAs\":[\"https:\\\/\\\/www.facebook.com\\\/profile.php?id=61552754066692&locale=hu_HU\"]}]}<\/script>\n<!-- \/ Yoast SEO Premium plugin. -->","yoast_head_json":{"title":"Ruha = \u00e9lelmiszer - Repair Cafe Budapest","description":"Ruhab\u00f6rze \u00e9s \u00e9lelmiszergy\u0171jt\u00e9s a december 22-i kar\u00e1csonyi s\u00fct\u00e9s-f\u0151z\u00e9shez az Alf\u00f6ldi utcai sz\u00e1ll\u00f3n, ahol 100 embernek k\u00e9sz\u00edt\u00fcnk finoms\u00e1gokat.","robots":{"index":"index","follow":"follow","max-snippet":"max-snippet:-1","max-image-preview":"max-image-preview:large","max-video-preview":"max-video-preview:-1"},"canonical":"https:\/\/repaircafebudapest.hu\/en\/event\/ruha-elelmiszer\/","og_locale":"en_GB","og_type":"article","og_title":"Ruha = \u00e9lelmiszer","og_description":"Ruhab\u00f6rze \u00e9s \u00e9lelmiszergy\u0171jt\u00e9s a december 22-i kar\u00e1csonyi s\u00fct\u00e9s-f\u0151z\u00e9shez az Alf\u00f6ldi utcai sz\u00e1ll\u00f3n, ahol 100 embernek k\u00e9sz\u00edt\u00fcnk finoms\u00e1gokat.","og_url":"https:\/\/repaircafebudapest.hu\/en\/event\/ruha-elelmiszer\/","og_site_name":"Repair Cafe Budapest","article_publisher":"https:\/\/www.facebook.com\/profile.php?id=61552754066692&locale=hu_HU","article_modified_time":"2024-12-14T23:26:04+00:00","og_image":[{"width":851,"height":315,"url":"https:\/\/repaircafebudapest.hu\/wp-content\/uploads\/2024\/11\/468054605_122183462822091802_7259128507862966163_n.jpg","type":"image\/jpeg"}],"twitter_card":"summary_large_image","twitter_misc":{"Estimated reading time":"1 minute"},"schema":{"@context":"https:\/\/schema.org","@graph":[{"@type":"WebPage","@id":"https:\/\/repaircafebudapest.hu\/event\/ruha-elelmiszer\/","url":"https:\/\/repaircafebudapest.hu\/event\/ruha-elelmiszer\/","name":"Ruha = \u00e9lelmiszer - Repair Cafe Budapest","isPartOf":{"@id":"https:\/\/repaircafebudapest.hu\/#website"},"primaryImageOfPage":{"@id":"https:\/\/repaircafebudapest.hu\/event\/ruha-elelmiszer\/#primaryimage"},"image":{"@id":"https:\/\/repaircafebudapest.hu\/event\/ruha-elelmiszer\/#primaryimage"},"thumbnailUrl":"https:\/\/repaircafebudapest.hu\/wp-content\/uploads\/2024\/11\/468054605_122183462822091802_7259128507862966163_n.jpg","datePublished":"2024-11-29T09:22:08+00:00","dateModified":"2024-12-14T23:26:04+00:00","description":"Ruhab\u00f6rze \u00e9s \u00e9lelmiszergy\u0171jt\u00e9s a december 22-i kar\u00e1csonyi s\u00fct\u00e9s-f\u0151z\u00e9shez az Alf\u00f6ldi utcai sz\u00e1ll\u00f3n, ahol 100 embernek k\u00e9sz\u00edt\u00fcnk finoms\u00e1gokat.","breadcrumb":{"@id":"https:\/\/repaircafebudapest.hu\/event\/ruha-elelmiszer\/#breadcrumb"},"inLanguage":"en-GB","potentialAction":[{"@type":"ReadAction","target":["https:\/\/repaircafebudapest.hu\/event\/ruha-elelmiszer\/"]}]},{"@type":"ImageObject","inLanguage":"en-GB","@id":"https:\/\/repaircafebudapest.hu\/event\/ruha-elelmiszer\/#primaryimage","url":"https:\/\/repaircafebudapest.hu\/wp-content\/uploads\/2024\/11\/468054605_122183462822091802_7259128507862966163_n.jpg","contentUrl":"https:\/\/repaircafebudapest.hu\/wp-content\/uploads\/2024\/11\/468054605_122183462822091802_7259128507862966163_n.jpg","width":851,"height":315,"caption":"Kar\u00e1csonyi ruhab\u00f6rze"},{"@type":"BreadcrumbList","@id":"https:\/\/repaircafebudapest.hu\/event\/ruha-elelmiszer\/#breadcrumb","itemListElement":[{"@type":"ListItem","position":1,"name":"Kezd\u0151lap","item":"https:\/\/repaircafebudapest.hu\/"},{"@type":"ListItem","position":2,"name":"Ruha = \u00e9lelmiszer"}]},{"@type":"WebSite","@id":"https:\/\/repaircafebudapest.hu\/#website","url":"https:\/\/repaircafebudapest.hu\/","name":"Repair Cafe Budapest","description":"Repair Cafe Budapest","publisher":{"@id":"https:\/\/repaircafebudapest.hu\/#organization"},"potentialAction":[{"@type":"SearchAction","target":{"@type":"EntryPoint","urlTemplate":"https:\/\/repaircafebudapest.hu\/?s={search_term_string}"},"query-input":{"@type":"PropertyValueSpecification","valueRequired":true,"valueName":"search_term_string"}}],"inLanguage":"en-GB"},{"@type":"Organization","@id":"https:\/\/repaircafebudapest.hu\/#organization","name":"Repair Cafe Budapest","url":"https:\/\/repaircafebudapest.hu\/","logo":{"@type":"ImageObject","inLanguage":"en-GB","@id":"https:\/\/repaircafebudapest.hu\/#\/schema\/logo\/image\/","url":"https:\/\/repaircafebudapest.hu\/wp-content\/uploads\/2023\/11\/rcb-logo.webp","contentUrl":"https:\/\/repaircafebudapest.hu\/wp-content\/uploads\/2023\/11\/rcb-logo.webp","width":2298,"height":1000,"caption":"Repair Cafe Budapest"},"image":{"@id":"https:\/\/repaircafebudapest.hu\/#\/schema\/logo\/image\/"},"sameAs":["https:\/\/www.facebook.com\/profile.php?id=61552754066692&locale=hu_HU"]}]}},"_links":{"self":[{"href":"https:\/\/repaircafebudapest.hu\/en\/wp-json\/wp\/v2\/event_listing\/1052","targetHints":{"allow":["GET"]}}],"collection":[{"href":"https:\/\/repaircafebudapest.hu\/en\/wp-json\/wp\/v2\/event_listing"}],"about":[{"href":"https:\/\/repaircafebudapest.hu\/en\/wp-json\/wp\/v2\/types\/event_listing"}],"wp:featuredmedia":[{"embeddable":true,"href":"https:\/\/repaircafebudapest.hu\/en\/wp-json\/wp\/v2\/media\/1053"}],"wp:attachment":[{"href":"https:\/\/repaircafebudapest.hu\/en\/wp-json\/wp\/v2\/media?parent=1052"}],"wp:term":[{"taxonomy":"event_listing_category","embeddable":true,"href":"https:\/\/repaircafebudapest.hu\/en\/wp-json\/wp\/v2\/event_listing_category?post=1052"},{"taxonomy":"event_listing_type","embeddable":true,"href":"https:\/\/repaircafebudapest.hu\/en\/wp-json\/wp\/v2\/event_listing_type?post=1052"}],"curies":[{"name":"wp","href":"https:\/\/api.w.org\/{rel}","templated":true}]}}

Ruha = élelmiszer

<p>A tavalyi évhez hasonlóan idén is rendezünk ruhabörzét. Azokból a ruhákból, amik adományként érkeztek tőletek, és nem lett gazdájuk.</p>
<p>A csere-bere célja, hogy élelmiszert gyűjtsünk a karácsonyi sütés-főzésünkhöz, amit szintén a tavalyi évhez hasonlóan idén is megtartunk december 22-én az Alföldi utcai szállón. Nagyságrendileg 100 embernek készítünk ilyenkor egész nap finomságokat, amiben ők is aktívan részt vesznek.</p>
<p>Cukor, liszt már van elegendő.</p>
<p>Lesz többféle muffin, tejfölös lángos, bableves, káposztás tészta. És alkoholmentes rumpuncs, forró, fűszeres. Ezekhez bármit szívesen fogadunk, ami pedig hiányozni fog a végén, azt megvesszük mi.</p>

<!-- This site is optimized with the Yoast SEO Premium plugin v27.4 (Yoast SEO v27.4) - https://yoast.com/product/yoast-seo-premium-wordpress/ -->
<title>Ruha = élelmiszer - Repair Cafe Budapest</title>
<meta name="description" content="Ruhabörze és élelmiszergyűjtés a december 22-i karácsonyi sütés-főzéshez az Alföldi utcai szállón, ahol 100 embernek készítünk finomságokat." />
<meta name="robots" content="index, follow, max-snippet:-1, max-image-preview:large, max-video-preview:-1" />
<link rel="canonical" href="https://repaircafebudapest.hu/en/event/ruha-elelmiszer/" />
<meta property="og:locale" content="en_GB" />
<meta property="og:type" content="article" />
<meta property="og:title" content="Ruha = élelmiszer" />
<meta property="og:description" content="Ruhabörze és élelmiszergyűjtés a december 22-i karácsonyi sütés-főzéshez az Alföldi utcai szállón, ahol 100 embernek készítünk finomságokat." />
<meta property="og:url" content="https://repaircafebudapest.hu/en/event/ruha-elelmiszer/" />
<meta property="og:site_name" content="Repair Cafe Budapest" />
<meta property="article:publisher" content="https://www.facebook.com/profile.php?id=61552754066692&amp;locale=hu_HU" />
<meta property="article:modified_time" content="2024-12-14T23:26:04+00:00" />
<meta property="og:image" content="https://repaircafebudapest.hu/wp-content/uploads/2024/11/468054605_122183462822091802_7259128507862966163_n.jpg" />
	<meta property="og:image:width" content="851" />
	<meta property="og:image:height" content="315" />
	<meta property="og:image:type" content="image/jpeg" />
<meta name="twitter:card" content="summary_large_image" />
<meta name="twitter:label1" content="Estimated reading time" />
	<meta name="twitter:data1" content="1 minute" />
<script type="application/ld+json" class="yoast-schema-graph">{"@context":"https:\/\/schema.org","@graph":[{"@type":"WebPage","@id":"https:\/\/repaircafebudapest.hu\/event\/ruha-elelmiszer\/","url":"https:\/\/repaircafebudapest.hu\/event\/ruha-elelmiszer\/","name":"Ruha = élelmiszer - Repair Cafe Budapest","isPartOf":{"@id":"https:\/\/repaircafebudapest.hu\/#website"},"primaryImageOfPage":{"@id":"https:\/\/repaircafebudapest.hu\/event\/ruha-elelmiszer\/#primaryimage"},"image":{"@id":"https:\/\/repaircafebudapest.hu\/event\/ruha-elelmiszer\/#primaryimage"},"thumbnailUrl":"https:\/\/repaircafebudapest.hu\/wp-content\/uploads\/2024\/11\/468054605_122183462822091802_7259128507862966163_n.jpg","datePublished":"2024-11-29T09:22:08+00:00","dateModified":"2024-12-14T23:26:04+00:00","description":"Ruhabörze és élelmiszergyűjtés a december 22-i karácsonyi sütés-főzéshez az Alföldi utcai szállón, ahol 100 embernek készítünk finomságokat.","breadcrumb":{"@id":"https:\/\/repaircafebudapest.hu\/event\/ruha-elelmiszer\/#breadcrumb"},"inLanguage":"en-GB","potentialAction":[{"@type":"ReadAction","target":["https:\/\/repaircafebudapest.hu\/event\/ruha-elelmiszer\/"]}]},{"@type":"ImageObject","inLanguage":"en-GB","@id":"https:\/\/repaircafebudapest.hu\/event\/ruha-elelmiszer\/#primaryimage","url":"https:\/\/repaircafebudapest.hu\/wp-content\/uploads\/2024\/11\/468054605_122183462822091802_7259128507862966163_n.jpg","contentUrl":"https:\/\/repaircafebudapest.hu\/wp-content\/uploads\/2024\/11\/468054605_122183462822091802_7259128507862966163_n.jpg","width":851,"height":315,"caption":"Karácsonyi ruhabörze"},{"@type":"BreadcrumbList","@id":"https:\/\/repaircafebudapest.hu\/event\/ruha-elelmiszer\/#breadcrumb","itemListElement":[{"@type":"ListItem","position":1,"name":"Kezdőlap","item":"https:\/\/repaircafebudapest.hu\/"},{"@type":"ListItem","position":2,"name":"Ruha = élelmiszer"}]},{"@type":"WebSite","@id":"https:\/\/repaircafebudapest.hu\/#website","url":"https:\/\/repaircafebudapest.hu\/","name":"Repair Cafe Budapest","description":"Repair Cafe Budapest","publisher":{"@id":"https:\/\/repaircafebudapest.hu\/#organization"},"potentialAction":[{"@type":"SearchAction","target":{"@type":"EntryPoint","urlTemplate":"https:\/\/repaircafebudapest.hu\/?s={search_term_string}"},"query-input":{"@type":"PropertyValueSpecification","valueRequired":true,"valueName":"search_term_string"}}],"inLanguage":"en-GB"},{"@type":"Organization","@id":"https:\/\/repaircafebudapest.hu\/#organization","name":"Repair Cafe Budapest","url":"https:\/\/repaircafebudapest.hu\/","logo":{"@type":"ImageObject","inLanguage":"en-GB","@id":"https:\/\/repaircafebudapest.hu\/#\/schema\/logo\/image\/","url":"https:\/\/repaircafebudapest.hu\/wp-content\/uploads\/2023\/11\/rcb-logo.webp","contentUrl":"https:\/\/repaircafebudapest.hu\/wp-content\/uploads\/2023\/11\/rcb-logo.webp","width":2298,"height":1000,"caption":"Repair Cafe Budapest"},"image":{"@id":"https:\/\/repaircafebudapest.hu\/#\/schema\/logo\/image\/"},"sameAs":["https:\/\/www.facebook.com\/profile.php?id=61552754066692&locale=hu_HU"]}]}</script>
<!-- / Yoast SEO Premium plugin. -->

Ruha = élelmiszer - Repair Cafe Budapest

Ruhabörze és élelmiszergyűjtés a december 22-i karácsonyi sütés-főzéshez az Alföldi utcai szállón, ahol 100 embernek készítünk finomságokat.

Karácsonyi ruhabörze

Kezdőlap
